{"id":11027,"date":"2020-06-16T08:17:29","date_gmt":"2020-06-16T07:17:29","guid":{"rendered":"https:\/\/selfpubcom.wpengine.com\/?post_type=product&#038;p=11027"},"modified":"2025-02-25T09:37:51","modified_gmt":"2025-02-25T08:37:51","slug":"licht-und-schatten","status":"publish","type":"product","link":"https:\/\/self-publishing.com\/es\/producto\/luces-y-sombras\/","title":{"rendered":"Luces y sombras"},"content":{"rendered":"<p class=\"MsoNormal\" style=\"margin: 0cm 0cm 0.0001pt; font-size: medium; font-family: Calibri, sans-serif;\"><span style=\"font-family: Georgia, serif;\">En Abaddon se libra desde hace a\u00f1os una batalla entre magos y no magos.\u00a0<\/span><\/p>\n<p class=\"MsoNormal\" style=\"margin: 0cm 0cm 0.0001pt; font-size: medium; font-family: Calibri, sans-serif;\"><span style=\"font-family: Georgia, serif;\">El rey Alabiel persigue y mata a todos los enemigos que tiene a su alcance, mientras que los magos luchan por su supervivencia y contra la tiran\u00eda del rey con la ayuda de los Tyades, un grupo rebelde.<\/span><\/p>\n<p class=\"MsoNormal\" style=\"margin: 0cm 0cm 0.0001pt; font-size: medium; font-family: Calibri, sans-serif;\"><span style=\"font-family: Georgia, serif;\">Los gemelos Elyon y Fynn se ven arrastrados a este antiguo conflicto e intentan sobrevivir con todas sus fuerzas...<\/span><\/p>","protected":false},"excerpt":{"rendered":"<p>Seit Jahren w\u00fctet in Abaddon ein Kampf zwischen Magiern und Nicht-Magiern.\u00a0 K\u00f6nig Alabiel verfolgt und t\u00f6tet jeden seiner Feinde, den er zu fassen bekommt, w\u00e4hrend die Magier mithilfe der Tjaden, einer Rebellengruppe, um ihr \u00dcberleben und gegen die Tyrannei des K\u00f6nigs k\u00e4mpfen. Die Zwillinge Elyon und Fynn , werden in den uralten Zwist hineingezogen und [&#8230;]<\/p>\n<p><a class=\"btn btn-secondary understrap-read-more-link\" href=\"https:\/\/self-publishing.com\/es\/producto\/luces-y-sombras\/\">Leer m\u00e1s...<\/a><\/p>","protected":false},"featured_media":11025,"template":"","meta":{"footnotes":""},"product_brand":[],"product_cat":[1326,64],"product_tag":[2139,1084,1475,509,1476],"class_list":{"0":"post-11027","1":"product","2":"type-product","3":"status-publish","4":"has-post-thumbnail","6":"product_cat-alle-buecher","7":"product_cat-fantasy","8":"product_tag-fantasy-en","9":"product_tag-krieg","10":"product_tag-licht-und-schatten","11":"product_tag-magier","12":"product_tag-spiel-der-zwillinge","14":"first","15":"instock","16":"downloadable","17":"virtual","18":"taxable","19":"purchasable","20":"product-type-simple"},"_links":{"self":[{"href":"https:\/\/self-publishing.com\/es\/wp-json\/wp\/v2\/product\/11027","targetHints":{"allow":["GET"]}}],"collection":[{"href":"https:\/\/self-publishing.com\/es\/wp-json\/wp\/v2\/product"}],"about":[{"href":"https:\/\/self-publishing.com\/es\/wp-json\/wp\/v2\/types\/product"}],"version-history":[{"count":0,"href":"https:\/\/self-publishing.com\/es\/wp-json\/wp\/v2\/product\/11027\/revisions"}],"wp:featuredmedia":[{"embeddable":true,"href":"https:\/\/self-publishing.com\/es\/wp-json\/wp\/v2\/media\/11025"}],"wp:attachment":[{"href":"https:\/\/self-publishing.com\/es\/wp-json\/wp\/v2\/media?parent=11027"}],"wp:term":[{"taxonomy":"product_brand","embeddable":true,"href":"https:\/\/self-publishing.com\/es\/wp-json\/wp\/v2\/product_brand?post=11027"},{"taxonomy":"product_cat","embeddable":true,"href":"https:\/\/self-publishing.com\/es\/wp-json\/wp\/v2\/product_cat?post=11027"},{"taxonomy":"product_tag","embeddable":true,"href":"https:\/\/self-publishing.com\/es\/wp-json\/wp\/v2\/product_tag?post=11027"}],"curies":[{"name":"wp","href":"https:\/\/api.w.org\/{rel}","templated":true}]}}

<p class="MsoNormal" style="margin: 0cm 0cm 0.0001pt; font-size: medium; font-family: Calibri, sans-serif;"><span style="font-family: Georgia, serif;">En Abaddon se libra desde hace años una batalla entre magos y no magos. </span></p>
<p class="MsoNormal" style="margin: 0cm 0cm 0.0001pt; font-size: medium; font-family: Calibri, sans-serif;"><span style="font-family: Georgia, serif;">El rey Alabiel persigue y mata a todos los enemigos que tiene a su alcance, mientras que los magos luchan por su supervivencia y contra la tiranía del rey con la ayuda de los Tyades, un grupo rebelde.</span></p>
<p class="MsoNormal" style="margin: 0cm 0cm 0.0001pt; font-size: medium; font-family: Calibri, sans-serif;"><span style="font-family: Georgia, serif;">Los gemelos Elyon y Fynn se ven arrastrados a este antiguo conflicto e intentan sobrevivir con todas sus fuerzas...</span></p>

<p>Seit Jahren wütet in Abaddon ein Kampf zwischen Magiern und Nicht-Magiern.  König Alabiel verfolgt und tötet jeden seiner Feinde, den er zu fassen bekommt, während die Magier mithilfe der Tjaden, einer Rebellengruppe, um ihr Überleben und gegen die Tyrannei des Königs kämpfen. Die Zwillinge Elyon und Fynn , werden in den uralten Zwist hineingezogen und [&#8230;]</p>
<p><a class="btn btn-secondary understrap-read-more-link" href="https://self-publishing.com/es/producto/luces-y-sombras/">Leer más...</a></p>
