{"id":11497,"date":"2020-07-20T12:33:51","date_gmt":"2020-07-20T11:33:51","guid":{"rendered":"https:\/\/selfpubcom.wpengine.com\/?post_type=product&#038;p=11497"},"modified":"2025-02-25T12:40:42","modified_gmt":"2025-02-25T11:40:42","slug":"ich-habs-satt","status":"publish","type":"product","link":"https:\/\/self-publishing.com\/es\/producto\/estoy-harto\/","title":{"rendered":"\u00a1Ya he tenido bastante!"},"content":{"rendered":"<p>\"Anorexia, Blumie - \u00a1SIMPLEMENTE vuelve a comer con sensatez!\" Eso se acab\u00f3. Mis experiencias con este tema raramente esclarecido pretenden aportar a la sociedad actual la informaci\u00f3n que falta y, sobre todo, mostrar a personas ajenas, familiares y, en cierta medida, a los afectados la realidad y proporcionar consejos \u00fatiles. Me gustar\u00eda crear ayuda, autoayuda, cuando se habla de los dram\u00e1ticos efectos de estas enfermedades, llamadas \"trastornos de la alimentaci\u00f3n\".<\/p>\n<p>Sobre todo, espero que se abandone la anticuada opini\u00f3n de que \"lo que no se ve, no existe\" y se respeten m\u00e1s las discrepancias psicol\u00f3gicas. Todo el mundo puede ayudar y actuar con rapidez. Me gustar\u00eda que se respetara m\u00e1s el tratamiento de estas enfermedades, que se tuvieran en cuenta las descripciones y mi historia.<\/p>","protected":false},"excerpt":{"rendered":"<p>\"Anorexia, Blumie - \u00a1SIMPLEMENTE vuelve a comer con sensatez!\" Eso se acab\u00f3. Mis experiencias con este tema raramente esclarecido pretenden aportar a la sociedad actual la informaci\u00f3n que falta y, sobre todo, mostrar a los forasteros, a los familiares y, en cierta medida, a los afectados la realidad y ofrecer consejos \u00fatiles.<\/p>\n<p><a class=\"btn btn-secondary understrap-read-more-link\" href=\"https:\/\/self-publishing.com\/es\/producto\/estoy-harto\/\">Leer m\u00e1s...<\/a><\/p>","protected":false},"featured_media":11496,"template":"","meta":{"footnotes":""},"product_brand":[],"product_cat":[1326,84],"product_tag":[1574,1572,1571,649,1576,375,704,1577,1575,715,1578,1573,270,314,1002,647],"class_list":{"0":"post-11497","1":"product","2":"type-product","3":"status-publish","4":"has-post-thumbnail","6":"product_cat-alle-buecher","7":"product_cat-biografien-erinnerungen","8":"product_tag-anorexie","9":"product_tag-bulimie","10":"product_tag-essstoerungen","11":"product_tag-familie","12":"product_tag-genesung","13":"product_tag-gesundheit","14":"product_tag-hilfe","15":"product_tag-hunger","16":"product_tag-klinik","17":"product_tag-krankheit","18":"product_tag-leiden","19":"product_tag-magersucht","20":"product_tag-psychologie","21":"product_tag-selbsthilfe","22":"product_tag-selbstliebe","23":"product_tag-suizid","25":"first","26":"instock","27":"downloadable","28":"virtual","29":"taxable","30":"purchasable","31":"product-type-simple"},"_links":{"self":[{"href":"https:\/\/self-publishing.com\/es\/wp-json\/wp\/v2\/product\/11497","targetHints":{"allow":["GET"]}}],"collection":[{"href":"https:\/\/self-publishing.com\/es\/wp-json\/wp\/v2\/product"}],"about":[{"href":"https:\/\/self-publishing.com\/es\/wp-json\/wp\/v2\/types\/product"}],"version-history":[{"count":0,"href":"https:\/\/self-publishing.com\/es\/wp-json\/wp\/v2\/product\/11497\/revisions"}],"wp:featuredmedia":[{"embeddable":true,"href":"https:\/\/self-publishing.com\/es\/wp-json\/wp\/v2\/media\/11496"}],"wp:attachment":[{"href":"https:\/\/self-publishing.com\/es\/wp-json\/wp\/v2\/media?parent=11497"}],"wp:term":[{"taxonomy":"product_brand","embeddable":true,"href":"https:\/\/self-publishing.com\/es\/wp-json\/wp\/v2\/product_brand?post=11497"},{"taxonomy":"product_cat","embeddable":true,"href":"https:\/\/self-publishing.com\/es\/wp-json\/wp\/v2\/product_cat?post=11497"},{"taxonomy":"product_tag","embeddable":true,"href":"https:\/\/self-publishing.com\/es\/wp-json\/wp\/v2\/product_tag?post=11497"}],"curies":[{"name":"wp","href":"https:\/\/api.w.org\/{rel}","templated":true}]}}

<p>"Anorexia, Blumie - ¡SIMPLEMENTE vuelve a comer con sensatez!" Eso se acabó. Mis experiencias con este tema raramente esclarecido pretenden aportar a la sociedad actual la información que falta y, sobre todo, mostrar a personas ajenas, familiares y, en cierta medida, a los afectados la realidad y proporcionar consejos útiles. Me gustaría crear ayuda, autoayuda, cuando se habla de los dramáticos efectos de estas enfermedades, llamadas "trastornos de la alimentación".</p>
<p>Sobre todo, espero que se abandone la anticuada opinión de que "lo que no se ve, no existe" y se respeten más las discrepancias psicológicas. Todo el mundo puede ayudar y actuar con rapidez. Me gustaría que se respetara más el tratamiento de estas enfermedades, que se tuvieran en cuenta las descripciones y mi historia.</p>

<p>"Anorexia, Blumie - ¡SIMPLEMENTE vuelve a comer con sensatez!" Eso se acabó. Mis experiencias con este tema raramente esclarecido pretenden aportar a la sociedad actual la información que falta y, sobre todo, mostrar a los forasteros, a los familiares y, en cierta medida, a los afectados la realidad y ofrecer consejos útiles.</p>
<p><a class="btn btn-secondary understrap-read-more-link" href="https://self-publishing.com/es/producto/estoy-harto/">Leer más...</a></p>
