{"id":12992,"date":"2022-06-13T08:20:01","date_gmt":"2022-06-13T07:20:01","guid":{"rendered":"https:\/\/self-publishing.com\/?post_type=product&#038;p=12992"},"modified":"2025-02-24T15:46:06","modified_gmt":"2025-02-24T14:46:06","slug":"das-pendel-schlaegt-zurueck","status":"publish","type":"product","link":"https:\/\/self-publishing.com\/es\/producto\/el-pendulo-vuelve-a-oscilar\/","title":{"rendered":"EL P\u00c9NDULO VUELVE A OSCILAR"},"content":{"rendered":"<p><!-- [if gte mso 9]&gt;--><\/p>\n<p><!-- [if gte mso 9]&gt;--><\/p>\n<p>&nbsp;<\/p>\n<p class=\"MsoNormal\" style=\"text-indent: 35.4pt; line-height: normal; margin: 6.0pt 0cm 6.0pt 0cm;\"><b><span style=\"font-size: 12.0pt;\">Pr\u00f3logo<br \/>\n<\/span><\/b><\/p>\n<p class=\"MsoNormal\" style=\"text-align: justify; line-height: 150%; margin: 6.0pt 0cm 6.0pt 35.4pt;\">El libro del fotoperiodista zuriqu\u00e9s Gerd Michael<br \/>\nM\u00fcller te lleva en un emocionante viaje en el tiempo desde los salvajes a\u00f1os 80 en adelante<br \/>\na trav\u00e9s de 30 pa\u00edses y 40 a\u00f1os de historia contempor\u00e1nea, con especial atenci\u00f3n a los esc\u00e1ndalos pol\u00edticos y las<br \/>\nprocesos ecol\u00f3gicos en regiones en crisis de todo el mundo. Ilumina los<br \/>\nel destino de los pueblos ind\u00edgenas, muestra la destrucci\u00f3n de su h\u00e1bitat, mueve<br \/>\nlos aspectos ecol\u00f3gicos y los destinos humanos en primer plano, analiza<br \/>\nLos procesos de transformaci\u00f3n pol\u00edtica se analizan de forma perspicaz y bien informada.<br \/>\nM\u00fcller denuncia el consumo excesivo y la explotaci\u00f3n despiadada de la<br \/>\nrecursos, muestra los efectos econ\u00f3micos, sociales y medioambientales<br \/>\nprocesos pol\u00edticos y esboza enfoques para superar el<br \/>\nel cambio clim\u00e1tico. Apuntado<br \/>\nprofundo, emocionante y esclarecedor.<br \/>\nUna mezcla de thriller pol\u00edtico, sofisticada literatura de viajes, salpicada de<br \/>\nrelatos socialmente cr\u00edticos y aventureros, as\u00ed como ensayos personales<br \/>\nlo m\u00e1s destacado y la esencia de su aventurera y salvaje vida n\u00f3mada para<br \/>\nfotograf\u00eda de reportaje. Despu\u00e9s de leer este libro, usted ser\u00e1 uno de los<br \/>\ntrotamundos con conocimientos culturales, ecol\u00f3gicos y pol\u00edticos.<\/p>","protected":false},"excerpt":{"rendered":"<p>&nbsp; Pr\u00f3logo Este libro del fotoperiodista zuriqu\u00e9s Gerd Michael M\u00fcller te lleva en un emocionante viaje a trav\u00e9s de 30 pa\u00edses y 40 a\u00f1os de historia contempor\u00e1nea, comenzando en los salvajes a\u00f1os 80 y centr\u00e1ndose en esc\u00e1ndalos pol\u00edticos y acontecimientos ecol\u00f3gicos en regiones en crisis de todo el mundo. Arroja luz sobre el destino de los pueblos ind\u00edgenas, muestra la destrucci\u00f3n de su h\u00e1bitat, [...]<\/p>\n<p><a class=\"btn btn-secondary understrap-read-more-link\" href=\"https:\/\/self-publishing.com\/es\/producto\/el-pendulo-vuelve-a-oscilar\/\">Leer m\u00e1s...<\/a><\/p>","protected":false},"featured_media":12989,"template":"","meta":{"footnotes":""},"product_brand":[],"product_cat":[1326,80],"product_tag":[280,1833,223,1834,1837,1830,1832,882,1831,1836,912,1835,1829,1827,259,476,1828,459,597],"class_list":{"0":"post-12992","1":"product","2":"type-product","3":"status-publish","4":"has-post-thumbnail","6":"product_cat-alle-buecher","7":"product_cat-reise-abenteuer","8":"product_tag-abenteuer","9":"product_tag-afrika","10":"product_tag-artensterben","11":"product_tag-asien","12":"product_tag-australien","13":"product_tag-buergerkriege","14":"product_tag-bushmen","15":"product_tag-geheimdienste","16":"product_tag-indigene-voelker","17":"product_tag-karibik","18":"product_tag-klimawandel","19":"product_tag-lateinamerika","20":"product_tag-militaer","21":"product_tag-naturschutz","22":"product_tag-politik","23":"product_tag-reisen","24":"product_tag-tierschutz","25":"product_tag-umweltschutz","26":"product_tag-wirtschaft","28":"first","29":"instock","30":"downloadable","31":"virtual","32":"taxable","33":"purchasable","34":"product-type-simple"},"_links":{"self":[{"href":"https:\/\/self-publishing.com\/es\/wp-json\/wp\/v2\/product\/12992","targetHints":{"allow":["GET"]}}],"collection":[{"href":"https:\/\/self-publishing.com\/es\/wp-json\/wp\/v2\/product"}],"about":[{"href":"https:\/\/self-publishing.com\/es\/wp-json\/wp\/v2\/types\/product"}],"version-history":[{"count":0,"href":"https:\/\/self-publishing.com\/es\/wp-json\/wp\/v2\/product\/12992\/revisions"}],"wp:featuredmedia":[{"embeddable":true,"href":"https:\/\/self-publishing.com\/es\/wp-json\/wp\/v2\/media\/12989"}],"wp:attachment":[{"href":"https:\/\/self-publishing.com\/es\/wp-json\/wp\/v2\/media?parent=12992"}],"wp:term":[{"taxonomy":"product_brand","embeddable":true,"href":"https:\/\/self-publishing.com\/es\/wp-json\/wp\/v2\/product_brand?post=12992"},{"taxonomy":"product_cat","embeddable":true,"href":"https:\/\/self-publishing.com\/es\/wp-json\/wp\/v2\/product_cat?post=12992"},{"taxonomy":"product_tag","embeddable":true,"href":"https:\/\/self-publishing.com\/es\/wp-json\/wp\/v2\/product_tag?post=12992"}],"curies":[{"name":"wp","href":"https:\/\/api.w.org\/{rel}","templated":true}]}}

EL PÉNDULO VUELVE A OSCILAR

<p><!-- [if gte mso 9]&gt;--></p>
<p><!-- [if gte mso 9]&gt;--></p>
<p>&nbsp;</p>
<p class="MsoNormal" style="text-indent: 35.4pt; line-height: normal; margin: 6.0pt 0cm 6.0pt 0cm;"><b><span style="font-size: 12.0pt;">Prólogo<br />
</span></b></p>
<p class="MsoNormal" style="text-align: justify; line-height: 150%; margin: 6.0pt 0cm 6.0pt 35.4pt;">El libro del fotoperiodista zuriqués Gerd Michael<br />
Müller te lleva en un emocionante viaje en el tiempo desde los salvajes años 80 en adelante<br />
a través de 30 países y 40 años de historia contemporánea, con especial atención a los escándalos políticos y las<br />
procesos ecológicos en regiones en crisis de todo el mundo. Ilumina los<br />
el destino de los pueblos indígenas, muestra la destrucción de su hábitat, mueve<br />
los aspectos ecológicos y los destinos humanos en primer plano, analiza<br />
Los procesos de transformación política se analizan de forma perspicaz y bien informada.<br />
Müller denuncia el consumo excesivo y la explotación despiadada de la<br />
recursos, muestra los efectos económicos, sociales y medioambientales<br />
procesos políticos y esboza enfoques para superar el<br />
el cambio climático. Apuntado<br />
profundo, emocionante y esclarecedor.<br />
Una mezcla de thriller político, sofisticada literatura de viajes, salpicada de<br />
relatos socialmente críticos y aventureros, así como ensayos personales<br />
lo más destacado y la esencia de su aventurera y salvaje vida nómada para<br />
fotografía de reportaje. Después de leer este libro, usted será uno de los<br />
trotamundos con conocimientos culturales, ecológicos y políticos.</p>

<p>&nbsp; Prólogo Este libro del fotoperiodista zuriqués Gerd Michael Müller te lleva en un emocionante viaje a través de 30 países y 40 años de historia contemporánea, comenzando en los salvajes años 80 y centrándose en escándalos políticos y acontecimientos ecológicos en regiones en crisis de todo el mundo. Arroja luz sobre el destino de los pueblos indígenas, muestra la destrucción de su hábitat, [...]</p>
<p><a class="btn btn-secondary understrap-read-more-link" href="https://self-publishing.com/es/producto/el-pendulo-vuelve-a-oscilar/">Leer más...</a></p>
