{"id":13289,"date":"2023-01-03T11:00:51","date_gmt":"2023-01-03T10:00:51","guid":{"rendered":"https:\/\/self-publishing.com\/?post_type=product&#038;p=13289"},"modified":"2025-02-25T12:44:42","modified_gmt":"2025-02-25T11:44:42","slug":"auf-der-suche-nach-eldorado-3","status":"publish","type":"product","link":"https:\/\/self-publishing.com\/es\/producto\/en-busca-de-eldorado-3\/","title":{"rendered":"EN BUSCA DE ELDORADO"},"content":{"rendered":"<p class=\"MsoNormal\" style=\"margin-left: -5.4pt; text-align: justify;\"><b><span style=\"font-size: 10.0pt;\">Adrian<br \/>\nJorgji (<\/span><\/b><span style=\"font-size: 10.0pt;\">emri qytetar<b> Thanas Pilafas - Jorgji)<\/b> u lind n\u00eb<br \/>\nPublicado el 31 de enero de 1955. Ka kryer studimet e larta p\u00ebr Gjuh\u00eb-Let\u00ebrsi n\u00eb<br \/>\nFakultetin Histori - Filologji t\u00eb Universitetit Shtet\u00ebror t\u00eb Tiran\u00ebs. Visite<br \/>\ndiplomimit u em\u00ebrua me pun\u00eb n\u00eb redaksin\u00eb e Revist\u00ebs letrare-artistike \"N\u00cbNTORI\"<br \/>\n- organ i Lidhjes s\u00eb Shkrimtar\u00ebve dhe Artist\u00ebve t\u00eb Shqip\u00ebris\u00eb ku punoi si<br \/>\nredaktor p\u00ebr proz\u00ebn deri n\u00eb vitin 1992. prej k\u00ebtij viti ai jeton n\u00eb Mynih<br \/>\n(M\u00fanich) t\u00eb Gjermanis\u00eb.<\/span><\/p>\n<p class=\"MsoNormal\" style=\"margin-left: -5.4pt; text-align: justify;\"><span style=\"font-size: 10.0pt;\">Ai \u00ebsht\u00eb dy her\u00eb fitues i \u00e7mimit letrar komb\u00ebtar \"<b><i>Penda<br \/>\ne argjendt\u00eb<\/i><\/b>\" p\u00ebr vitet 2005 dhe 2012<\/span><\/p>\n<p class=\"MsoNormal\" style=\"margin-left: -5.4pt; text-align: justify;\"><span style=\"font-size: 10.0pt;\">P\u00ebrve\u00e7se n\u00eb Shqip\u00ebri, libra t\u00eb tij jan\u00eb botuar edhe n\u00eb<br \/>\nGrecia, Austria, Alemania e Italia.<\/span><\/p>\n<p class=\"MsoNormal\" style=\"margin-left: -5.4pt; text-align: justify;\"><span style=\"font-size: 10.0pt;\">\u00a0<\/span><\/p>\n<p class=\"MsoNormal\" style=\"margin-left: -5.4pt; text-align: justify;\"><span style=\"font-size: 10.0pt;\">\u00a0<\/span><\/p>\n<p class=\"MsoNormal\" style=\"margin-left: -5.4pt; text-align: justify;\"><b><span style=\"font-size: 8.0pt;\">\u00a0<\/span><\/b><\/p>\n<p class=\"MsoNormal\" style=\"text-align: justify;\"><b><span lang=\"EN-GB\" style=\"font-size: 10.0pt;\">Adrian<br \/>\nJorgji (<\/span><\/b><span lang=\"EN-GB\" style=\"font-size: 10.0pt;\">nombre del ciudadano<b> Thanas Pilafas -<br \/>\nJorgji)<\/b> naci\u00f3 en Bilisht (Albania) el 31.1.1955. Estudi\u00f3<br \/>\nLengua y literatura albanesas en la Universidad de Tirana.<br \/>\nTras licenciarse, trabaj\u00f3 como profesor de ficci\u00f3n hasta 1992 en la<br \/>\nRevista literaria \"N\u00cbNTORI\", publicada por la Asociaci\u00f3n de Escritores y Artistas Albaneses.<br \/>\nLiga. Vive en M\u00fanich desde 1992,<br \/>\nAlemania.<\/span><\/p>\n<p class=\"MsoNormal\" style=\"text-align: justify;\"><span lang=\"EN-GB\" style=\"font-size: 10.0pt;\">Ha ganado dos veces el <b><i>Plata<br \/>\nPluma<\/i><\/b> de literatura (2005, 2012) en Albania.<\/span><\/p>\n<p class=\"MsoNormal\" style=\"text-align: justify;\"><span lang=\"EN-GB\" style=\"font-size: 10.0pt;\">\u00a0<\/span><\/p>\n<p class=\"MsoNormal\" style=\"text-align: justify;\"><b><span lang=\"EN-GB\" style=\"font-size: 10.0pt;\">Blog<\/span><\/b><span lang=\"EN-GB\" style=\"font-size: 10.0pt;\">:<br \/>\nhttps:\/\/adrian-jorgji.blogspot.com\/\u00a0\u00a0\u00a0 <\/span><a href=\"https:\/\/thanas-jorgji.blogspot.com\/?fbclid=IwAR22dfsEYWOzoOJJQbtkiFyzgA2R2BrycAsbiBKUggyZ7dE8Phkqr-BzTmM\" target=\"_blank\" rel=\"noopener\">https:\/\/thanas-jorgji.blogspot.com\/<\/a><\/p>\n<p class=\"MsoNormal\" style=\"text-align: justify;\"><b><span lang=\"EN-GB\" style=\"font-size: 8.0pt;\">\u00a0<\/span><\/b><\/p>\n<p class=\"MsoNormal\" style=\"margin-right: -14.4pt; line-height: 12.0pt;\"><b><span lang=\"FR\" style=\"font-size: 10.0pt;\">Facebook : <\/span><\/b><span lang=\"FR\" style=\"font-size: 10.0pt;\">Adrian Jorgji<b>\u00a0 \u00a0<\/b><\/span><\/p>\n<p class=\"MsoNormal\" style=\"margin-right: -14.4pt; line-height: 12.0pt;\"><b><span lang=\"FR\" style=\"font-size: 10.0pt;\">correo electr\u00f3nico<\/span><\/b><b><span lang=\"FR\" style=\"font-size: 8.0pt;\">:<\/span><\/b><b> <\/b><span lang=\"FR\" style=\"font-size: 10.0pt;\">kronos_55@yahoo.de<b>\u00a0\u00a0 <\/b><\/span><b><\/b><\/p>\n<p class=\"MsoNormal\" style=\"margin-right: -14.4pt; line-height: 12.0pt;\"><b><span lang=\"EN-GB\" style=\"font-size: 10.0pt;\">\u00a0<\/span><\/b><\/p>\n<p class=\"MsoNormal\" style=\"margin-right: -14.4pt; line-height: 12.0pt;\"><b><span lang=\"EN-GB\" style=\"font-size: 10.0pt;\">Wikipedia:  Adrian Jorgji<\/span><\/b><\/p>","protected":false},"excerpt":{"rendered":"<p>Adrian Jorgji (emri qytetar Thanas Pilafas - Jorgji) u lind n\u00eb Bilisht m\u00eb 31 janar 1955. Ka kryer studimet e larta p\u00ebr Gjuh\u00eb-Let\u00ebrsi n\u00eb Fakultetin Histori - Filologji t\u00eb Universitetit Shtet\u00ebror t\u00eb Tiran\u00ebs. Pas diplomimit u em\u00ebrua me pun\u00eb n\u00eb redaksin\u00eb e Revist\u00ebs letrare-artistike \"N\u00cbNTORI\" - organ i Lidhjes s\u00eb Shkrimtar\u00ebve dhe Artist\u00ebve t\u00eb Shqip\u00ebris\u00eb [...].<\/p>\n<p><a class=\"btn btn-secondary understrap-read-more-link\" href=\"https:\/\/self-publishing.com\/es\/producto\/en-busca-de-eldorado-3\/\">Leer m\u00e1s...<\/a><\/p>","protected":false},"featured_media":13286,"template":"","meta":{"footnotes":""},"product_brand":[],"product_cat":[1326,2816],"product_tag":[1878,1167,1166,1165,1169,1153,1159,1158,1161,1155,298,1154,1164,1162,1163,1431,1149,1151,1150,1152,1160,1157,1156,1168],"class_list":{"0":"post-13289","1":"product","2":"type-product","3":"status-publish","4":"has-post-thumbnail","6":"product_cat-alle-buecher","7":"product_cat-literatur-fiktion","8":"product_tag-adrian-jorgji","9":"product_tag-albanese-scrittore","10":"product_tag-albanian-writer","11":"product_tag-albanischer-schriftsteller","12":"product_tag-jorgji-publishing","13":"product_tag-letersi-shqipe","14":"product_tag-novela","15":"product_tag-novela-dhe-tregime","16":"product_tag-proze-per-femije","17":"product_tag-proze-shqipe","18":"product_tag-roman","19":"product_tag-roman-shqip","20":"product_tag-romane-per-adoleshente","21":"product_tag-romane-per-femije","22":"product_tag-romane-per-teenager","23":"product_tag-shkrimtar-shqiptar","24":"product_tag-thanas-jorgji","25":"product_tag-thanas-jorgji-pilafas","26":"product_tag-thanas-pilafas","27":"product_tag-thanas-pilafas-jorgji","28":"product_tag-tregime","29":"product_tag-tregime-dhe-novela","30":"product_tag-tregime-e-novela","31":"product_tag-tregime-e-novela-per-femije","33":"first","34":"instock","35":"downloadable","36":"virtual","37":"taxable","38":"purchasable","39":"product-type-simple"},"_links":{"self":[{"href":"https:\/\/self-publishing.com\/es\/wp-json\/wp\/v2\/product\/13289","targetHints":{"allow":["GET"]}}],"collection":[{"href":"https:\/\/self-publishing.com\/es\/wp-json\/wp\/v2\/product"}],"about":[{"href":"https:\/\/self-publishing.com\/es\/wp-json\/wp\/v2\/types\/product"}],"version-history":[{"count":0,"href":"https:\/\/self-publishing.com\/es\/wp-json\/wp\/v2\/product\/13289\/revisions"}],"wp:featuredmedia":[{"embeddable":true,"href":"https:\/\/self-publishing.com\/es\/wp-json\/wp\/v2\/media\/13286"}],"wp:attachment":[{"href":"https:\/\/self-publishing.com\/es\/wp-json\/wp\/v2\/media?parent=13289"}],"wp:term":[{"taxonomy":"product_brand","embeddable":true,"href":"https:\/\/self-publishing.com\/es\/wp-json\/wp\/v2\/product_brand?post=13289"},{"taxonomy":"product_cat","embeddable":true,"href":"https:\/\/self-publishing.com\/es\/wp-json\/wp\/v2\/product_cat?post=13289"},{"taxonomy":"product_tag","embeddable":true,"href":"https:\/\/self-publishing.com\/es\/wp-json\/wp\/v2\/product_tag?post=13289"}],"curies":[{"name":"wp","href":"https:\/\/api.w.org\/{rel}","templated":true}]}}

<p class="MsoNormal" style="margin-left: -5.4pt; text-align: justify;"><b><span style="font-size: 10.0pt;">Adrian<br />
Jorgji (</span></b><span style="font-size: 10.0pt;">emri qytetar<b> Thanas Pilafas - Jorgji)</b> u lind në<br />
Publicado el 31 de enero de 1955. Ka kryer studimet e larta për Gjuhë-Letërsi në<br />
Fakultetin Histori - Filologji të Universitetit Shtetëror të Tiranës. Visite<br />
diplomimit u emërua me punë në redaksinë e Revistës letrare-artistike "NËNTORI"<br />
- organ i Lidhjes së Shkrimtarëve dhe Artistëve të Shqipërisë ku punoi si<br />
redaktor për prozën deri në vitin 1992. prej këtij viti ai jeton në Mynih<br />
(Múnich) të Gjermanisë.</span></p>
<p class="MsoNormal" style="margin-left: -5.4pt; text-align: justify;"><span style="font-size: 10.0pt;">Ai është dy herë fitues i çmimit letrar kombëtar "<b><i>Penda<br />
e argjendtë</i></b>" për vitet 2005 dhe 2012</span></p>
<p class="MsoNormal" style="margin-left: -5.4pt; text-align: justify;"><span style="font-size: 10.0pt;">Përveçse në Shqipëri, libra të tij janë botuar edhe në<br />
Grecia, Austria, Alemania e Italia.</span></p>
<p class="MsoNormal" style="margin-left: -5.4pt; text-align: justify;"><span style="font-size: 10.0pt;"> </span></p>
<p class="MsoNormal" style="margin-left: -5.4pt; text-align: justify;"><span style="font-size: 10.0pt;"> </span></p>
<p class="MsoNormal" style="margin-left: -5.4pt; text-align: justify;"><b><span style="font-size: 8.0pt;"> </span></b></p>
<p class="MsoNormal" style="text-align: justify;"><b><span lang="EN-GB" style="font-size: 10.0pt;">Adrian<br />
Jorgji (</span></b><span lang="EN-GB" style="font-size: 10.0pt;">nombre del ciudadano<b> Thanas Pilafas -<br />
Jorgji)</b> nació en Bilisht (Albania) el 31.1.1955. Estudió<br />
Lengua y literatura albanesas en la Universidad de Tirana.<br />
Tras licenciarse, trabajó como profesor de ficción hasta 1992 en la<br />
Revista literaria "NËNTORI", publicada por la Asociación de Escritores y Artistas Albaneses.<br />
Liga. Vive en Múnich desde 1992,<br />
Alemania.</span></p>
<p class="MsoNormal" style="text-align: justify;"><span lang="EN-GB" style="font-size: 10.0pt;">Ha ganado dos veces el <b><i>Plata<br />
Pluma</i></b> de literatura (2005, 2012) en Albania.</span></p>
<p class="MsoNormal" style="text-align: justify;"><span lang="EN-GB" style="font-size: 10.0pt;"> </span></p>
<p class="MsoNormal" style="text-align: justify;"><b><span lang="EN-GB" style="font-size: 10.0pt;">Blog</span></b><span lang="EN-GB" style="font-size: 10.0pt;">:<br />
https://adrian-jorgji.blogspot.com/    </span><a href="https://thanas-jorgji.blogspot.com/?fbclid=IwAR22dfsEYWOzoOJJQbtkiFyzgA2R2BrycAsbiBKUggyZ7dE8Phkqr-BzTmM" target="_blank" rel="noopener">https://thanas-jorgji.blogspot.com/</a></p>
<p class="MsoNormal" style="text-align: justify;"><b><span lang="EN-GB" style="font-size: 8.0pt;"> </span></b></p>
<p class="MsoNormal" style="margin-right: -14.4pt; line-height: 12.0pt;"><b><span lang="FR" style="font-size: 10.0pt;">Facebook : </span></b><span lang="FR" style="font-size: 10.0pt;">Adrian Jorgji<b>   </b></span></p>
<p class="MsoNormal" style="margin-right: -14.4pt; line-height: 12.0pt;"><b><span lang="FR" style="font-size: 10.0pt;">correo electrónico</span></b><b><span lang="FR" style="font-size: 8.0pt;">:</span></b><b> </b><span lang="FR" style="font-size: 10.0pt;">kronos_55@yahoo.de<b>   </b></span><b></b></p>
<p class="MsoNormal" style="margin-right: -14.4pt; line-height: 12.0pt;"><b><span lang="EN-GB" style="font-size: 10.0pt;"> </span></b></p>
<p class="MsoNormal" style="margin-right: -14.4pt; line-height: 12.0pt;"><b><span lang="EN-GB" style="font-size: 10.0pt;">Wikipedia:  Adrian Jorgji</span></b></p>

<p>Adrian Jorgji (emri qytetar Thanas Pilafas - Jorgji) u lind në Bilisht më 31 janar 1955. Ka kryer studimet e larta për Gjuhë-Letërsi në Fakultetin Histori - Filologji të Universitetit Shtetëror të Tiranës. Pas diplomimit u emërua me punë në redaksinë e Revistës letrare-artistike "NËNTORI" - organ i Lidhjes së Shkrimtarëve dhe Artistëve të Shqipërisë [...].</p>
<p><a class="btn btn-secondary understrap-read-more-link" href="https://self-publishing.com/es/producto/en-busca-de-eldorado-3/">Leer más...</a></p>
