{"id":23689,"date":"2025-03-04T13:11:30","date_gmt":"2025-03-04T12:11:30","guid":{"rendered":"https:\/\/self-publishing.com\/?post_type=product&#038;p=23689"},"modified":"2025-03-06T10:57:35","modified_gmt":"2025-03-06T09:57:35","slug":"bosnien-herzegowina-und-ruanda-im-vergleich","status":"publish","type":"product","link":"https:\/\/self-publishing.com\/es\/producto\/comparacion-entre-bosnia-y-herzegovina-y-ruanda\/","title":{"rendered":"Comparaci\u00f3n entre Bosnia-Herzegovina y Ruanda"},"content":{"rendered":"<p>Esta disertaci\u00f3n sobre el tema \"Bosnia-Herzegovina y Ruanda en comparaci\u00f3n - la situaci\u00f3n pol\u00edtica y social antes y despu\u00e9s de las guerras entre 1990 y 1995\" fue escrita inicialmente por mi propio inter\u00e9s en el tema y mi inter\u00e9s como futura historiadora. Escrib\u00ed mi tesis de m\u00e1ster sobre la situaci\u00f3n social y pol\u00edtica de Ruanda desde la llegada de los blancos hasta la independencia del pa\u00eds en 1962. Tras la independencia, Ruanda experiment\u00f3 convulsiones sociales y pol\u00edticas que acabaron con el genocidio de los tutsis y otras graves violaciones de los derechos humanos. Quise investigar a fondo para averiguar c\u00f3mo la pol\u00edtica cambi\u00f3 la sociedad. Para ello, tambi\u00e9n compar\u00e9 la situaci\u00f3n pol\u00edtica y social con Bosnia-Herzegovina, un pa\u00eds que vivi\u00f3 casi la misma situaci\u00f3n que Ruanda en el mismo periodo de 1990 a 1995.<\/p>","protected":false},"excerpt":{"rendered":"<p>Esta disertaci\u00f3n sobre el tema \"Bosnia-Herzegovina y Ruanda en comparaci\u00f3n - la situaci\u00f3n pol\u00edtica y social antes y despu\u00e9s de las guerras entre 1990 y 1995\" surgi\u00f3 inicialmente de mi propio inter\u00e9s en el tema y de mi inter\u00e9s como futura historiadora. Escrib\u00ed mi tesis de m\u00e1ster sobre la situaci\u00f3n social y pol\u00edtica en Ruanda desde la llegada de los [...]<\/p>\n<p><a class=\"btn btn-secondary understrap-read-more-link\" href=\"https:\/\/self-publishing.com\/es\/producto\/comparacion-entre-bosnia-y-herzegovina-y-ruanda\/\">Leer m\u00e1s...<\/a><\/p>","protected":false},"featured_media":23688,"template":"","meta":{"footnotes":""},"product_brand":[],"product_cat":[1326,89],"product_tag":[2839,2840],"class_list":{"0":"post-23689","1":"product","2":"type-product","3":"status-publish","4":"has-post-thumbnail","6":"product_cat-alle-buecher","7":"product_cat-politik-geschichte","8":"product_tag-bosnien-herzegowina","9":"product_tag-rwanda","11":"first","12":"instock","13":"downloadable","14":"virtual","15":"taxable","16":"purchasable","17":"product-type-simple"},"_links":{"self":[{"href":"https:\/\/self-publishing.com\/es\/wp-json\/wp\/v2\/product\/23689","targetHints":{"allow":["GET"]}}],"collection":[{"href":"https:\/\/self-publishing.com\/es\/wp-json\/wp\/v2\/product"}],"about":[{"href":"https:\/\/self-publishing.com\/es\/wp-json\/wp\/v2\/types\/product"}],"version-history":[{"count":0,"href":"https:\/\/self-publishing.com\/es\/wp-json\/wp\/v2\/product\/23689\/revisions"}],"wp:featuredmedia":[{"embeddable":true,"href":"https:\/\/self-publishing.com\/es\/wp-json\/wp\/v2\/media\/23688"}],"wp:attachment":[{"href":"https:\/\/self-publishing.com\/es\/wp-json\/wp\/v2\/media?parent=23689"}],"wp:term":[{"taxonomy":"product_brand","embeddable":true,"href":"https:\/\/self-publishing.com\/es\/wp-json\/wp\/v2\/product_brand?post=23689"},{"taxonomy":"product_cat","embeddable":true,"href":"https:\/\/self-publishing.com\/es\/wp-json\/wp\/v2\/product_cat?post=23689"},{"taxonomy":"product_tag","embeddable":true,"href":"https:\/\/self-publishing.com\/es\/wp-json\/wp\/v2\/product_tag?post=23689"}],"curies":[{"name":"wp","href":"https:\/\/api.w.org\/{rel}","templated":true}]}}

Comparación entre Bosnia-Herzegovina y Ruanda

<p>Esta disertación sobre el tema "Bosnia-Herzegovina y Ruanda en comparación - la situación política y social antes y después de las guerras entre 1990 y 1995" fue escrita inicialmente por mi propio interés en el tema y mi interés como futura historiadora. Escribí mi tesis de máster sobre la situación social y política de Ruanda desde la llegada de los blancos hasta la independencia del país en 1962. Tras la independencia, Ruanda experimentó convulsiones sociales y políticas que acabaron con el genocidio de los tutsis y otras graves violaciones de los derechos humanos. Quise investigar a fondo para averiguar cómo la política cambió la sociedad. Para ello, también comparé la situación política y social con Bosnia-Herzegovina, un país que vivió casi la misma situación que Ruanda en el mismo periodo de 1990 a 1995.</p>

<p>Esta disertación sobre el tema "Bosnia-Herzegovina y Ruanda en comparación - la situación política y social antes y después de las guerras entre 1990 y 1995" surgió inicialmente de mi propio interés en el tema y de mi interés como futura historiadora. Escribí mi tesis de máster sobre la situación social y política en Ruanda desde la llegada de los [...]</p>
<p><a class="btn btn-secondary understrap-read-more-link" href="https://self-publishing.com/es/producto/comparacion-entre-bosnia-y-herzegovina-y-ruanda/">Leer más...</a></p>
