{"id":23871,"date":"2025-03-06T15:00:21","date_gmt":"2025-03-06T14:00:21","guid":{"rendered":"https:\/\/self-publishing.com\/?post_type=product&#038;p=23871"},"modified":"2025-03-06T15:00:24","modified_gmt":"2025-03-06T14:00:24","slug":"ueber-mythisches-fabel-sage-maer-vom-leben","status":"publish","type":"product","link":"https:\/\/self-publishing.com\/es\/producto\/sobre-la-fabula-mitica-say-maer-of-life\/","title":{"rendered":"Acerca de los mitos: f\u00e1bulas - leyendas - cuentos de la vida"},"content":{"rendered":"<p>En absoluto: Son cosas inventadas. Los mitos serv\u00edan anta\u00f1o para explicar el mundo en general y en particular, desde la creaci\u00f3n del universo hasta el m\u00e1s peque\u00f1o de los bichos. Tambi\u00e9n explicaban comportamientos y formas de relacionarse. Estas historias contribuyeron al desarrollo de las culturas nacionales, as\u00ed como a la autoimagen dentro de las familias. Tambi\u00e9n han influido en nosotros.<\/p>\n<p>O\u00edmos nuestras primeras historias como leyendas y cuentos de hadas mucho antes de empezar la escuela. Nos moldearon como las personas que nos los contaban. S\u00f3lo m\u00e1s tarde nos ense\u00f1aron conocimientos sobre el mundo; conocimientos basados en hechos. Los hechos son hechos y siguen si\u00e9ndolo a pesar de todos los avances cient\u00edficos y tecnol\u00f3gicos. Pero cuando el mundo que nos rodea cambia, los viejos mitos pueden reinterpretarse y volverse a contar. Incluso con un gui\u00f1o...<\/p>\n<p>No hay que tomarse el original demasiado en serio. Lo principal es que nos ayude a afrontar la actualidad, nos recuerde de d\u00f3nde venimos y nos motive para seguir adelante.<\/p>","protected":false},"excerpt":{"rendered":"<p>En absoluto: Son cosas inventadas. Los mitos serv\u00edan anta\u00f1o para explicar el mundo en general y en particular, desde la creaci\u00f3n del universo hasta el m\u00e1s peque\u00f1o de los bichos. Tambi\u00e9n explicaban comportamientos y formas de relacionarse. Estas historias contribuyeron al desarrollo de las culturas nacionales, as\u00ed como a la autoimagen dentro de las familias. [...]<\/p>\n<p><a class=\"btn btn-secondary understrap-read-more-link\" href=\"https:\/\/self-publishing.com\/es\/producto\/sobre-la-fabula-mitica-say-maer-of-life\/\">Leer m\u00e1s...<\/a><\/p>","protected":false},"featured_media":23869,"template":"","meta":{"footnotes":""},"product_brand":[],"product_cat":[1326,2816],"product_tag":[2866,148],"class_list":{"0":"post-23871","1":"product","2":"type-product","3":"status-publish","4":"has-post-thumbnail","6":"product_cat-alle-buecher","7":"product_cat-literatur-fiktion","8":"product_tag-mythen","9":"product_tag-universum","11":"first","12":"instock","13":"downloadable","14":"virtual","15":"taxable","16":"purchasable","17":"product-type-simple"},"_links":{"self":[{"href":"https:\/\/self-publishing.com\/es\/wp-json\/wp\/v2\/product\/23871","targetHints":{"allow":["GET"]}}],"collection":[{"href":"https:\/\/self-publishing.com\/es\/wp-json\/wp\/v2\/product"}],"about":[{"href":"https:\/\/self-publishing.com\/es\/wp-json\/wp\/v2\/types\/product"}],"version-history":[{"count":0,"href":"https:\/\/self-publishing.com\/es\/wp-json\/wp\/v2\/product\/23871\/revisions"}],"wp:featuredmedia":[{"embeddable":true,"href":"https:\/\/self-publishing.com\/es\/wp-json\/wp\/v2\/media\/23869"}],"wp:attachment":[{"href":"https:\/\/self-publishing.com\/es\/wp-json\/wp\/v2\/media?parent=23871"}],"wp:term":[{"taxonomy":"product_brand","embeddable":true,"href":"https:\/\/self-publishing.com\/es\/wp-json\/wp\/v2\/product_brand?post=23871"},{"taxonomy":"product_cat","embeddable":true,"href":"https:\/\/self-publishing.com\/es\/wp-json\/wp\/v2\/product_cat?post=23871"},{"taxonomy":"product_tag","embeddable":true,"href":"https:\/\/self-publishing.com\/es\/wp-json\/wp\/v2\/product_tag?post=23871"}],"curies":[{"name":"wp","href":"https:\/\/api.w.org\/{rel}","templated":true}]}}

Acerca de los mitos: fábulas - leyendas - cuentos de la vida

<p>En absoluto: Son cosas inventadas. Los mitos servían antaño para explicar el mundo en general y en particular, desde la creación del universo hasta el más pequeño de los bichos. También explicaban comportamientos y formas de relacionarse. Estas historias contribuyeron al desarrollo de las culturas nacionales, así como a la autoimagen dentro de las familias. También han influido en nosotros.</p>
<p>Oímos nuestras primeras historias como leyendas y cuentos de hadas mucho antes de empezar la escuela. Nos moldearon como las personas que nos los contaban. Sólo más tarde nos enseñaron conocimientos sobre el mundo; conocimientos basados en hechos. Los hechos son hechos y siguen siéndolo a pesar de todos los avances científicos y tecnológicos. Pero cuando el mundo que nos rodea cambia, los viejos mitos pueden reinterpretarse y volverse a contar. Incluso con un guiño...</p>
<p>No hay que tomarse el original demasiado en serio. Lo principal es que nos ayude a afrontar la actualidad, nos recuerde de dónde venimos y nos motive para seguir adelante.</p>

<p>En absoluto: Son cosas inventadas. Los mitos servían antaño para explicar el mundo en general y en particular, desde la creación del universo hasta el más pequeño de los bichos. También explicaban comportamientos y formas de relacionarse. Estas historias contribuyeron al desarrollo de las culturas nacionales, así como a la autoimagen dentro de las familias. [...]</p>
<p><a class="btn btn-secondary understrap-read-more-link" href="https://self-publishing.com/es/producto/sobre-la-fabula-mitica-say-maer-of-life/">Leer más...</a></p>
