{"id":23877,"date":"2025-03-06T14:59:25","date_gmt":"2025-03-06T13:59:25","guid":{"rendered":"https:\/\/self-publishing.com\/?post_type=product&#038;p=23877"},"modified":"2025-03-06T14:59:27","modified_gmt":"2025-03-06T13:59:27","slug":"wir-dulden-noch-viel-zu-viel","status":"publish","type":"product","link":"https:\/\/self-publishing.com\/es\/producto\/seguimos-tolerando-demasiado\/","title":{"rendered":"Seguimos tolerando demasiado"},"content":{"rendered":"<p>SEGUIMOS TOLERANDO DEMASIADO<\/p>\n<p>\"Mi hijo hab\u00eda muerto. Mi d\u00eda empez\u00f3 con miedo y termin\u00f3 con miedo. Sent\u00ed exactamente cuando alguien pens\u00f3: Es culpa suya o dijo c\u00ednicamente: Bueno, ya lo sab\u00edas de antemano, si no hubieras solicitado salir del pa\u00eds...\"<\/p>\n<p>El a\u00f1o 1983 es el punto \u00e1lgido de la resistencia en Jena. Cada vez m\u00e1s personas solicitan abandonar el pa\u00eds y pagan un alto precio por hacerlo, entre ellas Monika Lembke. Su hijo es acosado en la escuela, recibe una PM 12 a los 16 a\u00f1os y finalmente se quita la vida en marzo de ese a\u00f1o. La autora fue estigmatizada, seguida de interminables interrogatorios por parte de la Seguridad del Estado, y sus solicitudes para abandonar el pa\u00eds fueron rechazadas en repetidas ocasiones. \u00a1Ella sabe que esto debe acabar de una vez!<\/p>\n<p>\"He tenido una idea: nos pondremos en una plaza, llamaremos la atenci\u00f3n...\"<\/p>\n<p>El libro es un extraordinario documento contempor\u00e1neo en el que la autora describe los mecanismos de mantenimiento del poder y las im\u00e1genes del enemigo en la dictadura de la RDA. Describe el significado del C\u00edrculo Blanco como nueva forma de comportamiento resistente y analiza c\u00f3mo el movimiento de emigraci\u00f3n se convirti\u00f3 en un explosivo pol\u00edtico para el r\u00e9gimen del SED.<\/p>","protected":false},"excerpt":{"rendered":"<p>WIR DULDEN NOCH VIEL ZU VIEL \u201eMein Sohn war tot. Mein Tag begann mit Angst, mit Angst endete er. Ich sp\u00fcrte genau, wenn jemand nur dachte: Sie ist doch selbst schuld oder zynisch sagte: Tja, das wussten Sie doch vorher, h\u00e4tten Sie mal keinen Ausreiseantrag gestellt \u2026\u201c Das Jahr 1983 ist der H\u00f6hepunkt des Widerstands [&#8230;]<\/p>\n<p><a class=\"btn btn-secondary understrap-read-more-link\" href=\"https:\/\/self-publishing.com\/es\/producto\/seguimos-tolerando-demasiado\/\">Leer m\u00e1s...<\/a><\/p>","protected":false},"featured_media":23875,"template":"","meta":{"footnotes":""},"product_brand":[],"product_cat":[1326,84],"product_tag":[312,2867],"class_list":{"0":"post-23877","1":"product","2":"type-product","3":"status-publish","4":"has-post-thumbnail","6":"product_cat-alle-buecher","7":"product_cat-biografien-erinnerungen","8":"product_tag-ddr","9":"product_tag-weisse-kreis","11":"first","12":"instock","13":"downloadable","14":"virtual","15":"taxable","16":"purchasable","17":"product-type-simple"},"_links":{"self":[{"href":"https:\/\/self-publishing.com\/es\/wp-json\/wp\/v2\/product\/23877","targetHints":{"allow":["GET"]}}],"collection":[{"href":"https:\/\/self-publishing.com\/es\/wp-json\/wp\/v2\/product"}],"about":[{"href":"https:\/\/self-publishing.com\/es\/wp-json\/wp\/v2\/types\/product"}],"version-history":[{"count":0,"href":"https:\/\/self-publishing.com\/es\/wp-json\/wp\/v2\/product\/23877\/revisions"}],"wp:featuredmedia":[{"embeddable":true,"href":"https:\/\/self-publishing.com\/es\/wp-json\/wp\/v2\/media\/23875"}],"wp:attachment":[{"href":"https:\/\/self-publishing.com\/es\/wp-json\/wp\/v2\/media?parent=23877"}],"wp:term":[{"taxonomy":"product_brand","embeddable":true,"href":"https:\/\/self-publishing.com\/es\/wp-json\/wp\/v2\/product_brand?post=23877"},{"taxonomy":"product_cat","embeddable":true,"href":"https:\/\/self-publishing.com\/es\/wp-json\/wp\/v2\/product_cat?post=23877"},{"taxonomy":"product_tag","embeddable":true,"href":"https:\/\/self-publishing.com\/es\/wp-json\/wp\/v2\/product_tag?post=23877"}],"curies":[{"name":"wp","href":"https:\/\/api.w.org\/{rel}","templated":true}]}}

<p>SEGUIMOS TOLERANDO DEMASIADO</p>
<p>"Mi hijo había muerto. Mi día empezó con miedo y terminó con miedo. Sentí exactamente cuando alguien pensó: Es culpa suya o dijo cínicamente: Bueno, ya lo sabías de antemano, si no hubieras solicitado salir del país..."</p>
<p>El año 1983 es el punto álgido de la resistencia en Jena. Cada vez más personas solicitan abandonar el país y pagan un alto precio por hacerlo, entre ellas Monika Lembke. Su hijo es acosado en la escuela, recibe una PM 12 a los 16 años y finalmente se quita la vida en marzo de ese año. La autora fue estigmatizada, seguida de interminables interrogatorios por parte de la Seguridad del Estado, y sus solicitudes para abandonar el país fueron rechazadas en repetidas ocasiones. ¡Ella sabe que esto debe acabar de una vez!</p>
<p>"He tenido una idea: nos pondremos en una plaza, llamaremos la atención..."</p>
<p>El libro es un extraordinario documento contemporáneo en el que la autora describe los mecanismos de mantenimiento del poder y las imágenes del enemigo en la dictadura de la RDA. Describe el significado del Círculo Blanco como nueva forma de comportamiento resistente y analiza cómo el movimiento de emigración se convirtió en un explosivo político para el régimen del SED.</p>

<p>WIR DULDEN NOCH VIEL ZU VIEL „Mein Sohn war tot. Mein Tag begann mit Angst, mit Angst endete er. Ich spürte genau, wenn jemand nur dachte: Sie ist doch selbst schuld oder zynisch sagte: Tja, das wussten Sie doch vorher, hätten Sie mal keinen Ausreiseantrag gestellt …“ Das Jahr 1983 ist der Höhepunkt des Widerstands [&#8230;]</p>
<p><a class="btn btn-secondary understrap-read-more-link" href="https://self-publishing.com/es/producto/seguimos-tolerando-demasiado/">Leer más...</a></p>
