{"id":24324,"date":"2025-03-17T13:25:16","date_gmt":"2025-03-17T12:25:16","guid":{"rendered":"https:\/\/self-publishing.com\/?post_type=product&#038;p=24324"},"modified":"2025-03-17T13:25:18","modified_gmt":"2025-03-17T12:25:18","slug":"warum-krieg-und-nicht-frieden","status":"publish","type":"product","link":"https:\/\/self-publishing.com\/es\/producto\/por-que-la-guerra-y-no-la-paz\/","title":{"rendered":"Por qu\u00e9 la guerra y no la paz"},"content":{"rendered":"<p>\"En medio de tiempos de paz, estalla una guerra en el extremo oriental de Europa que se prolonga durante meses y a\u00f1os. M\u00e1s de 30 a\u00f1os despu\u00e9s del final de la Guerra Fr\u00eda, vuelve a estallar entre Occidente y Rusia. No hay esfuerzos diplom\u00e1ticos serios para ponerle fin, sino que la guerra se alimenta con material, dinero e influencia.<\/p>\n<p>Este libro quiere plantear la cuesti\u00f3n de por qu\u00e9 hay una guerra en medio de Europa y si era previsible.<\/p>\n<p>\u00bfCu\u00e1l es el equilibrio geopol\u00edtico de poder en Europa y c\u00f3mo ha evolucionado en las \u00faltimas d\u00e9cadas?<\/p>\n<p>En una segunda parte, se presentar\u00e1n las salidas de la crisis y los mecanismos necesarios para un alto el fuego o la paz\".<\/p>","protected":false},"excerpt":{"rendered":"<p>\"En medio de tiempos de paz, estalla una guerra en el extremo oriental de Europa que se prolonga durante meses y a\u00f1os. M\u00e1s de 30 a\u00f1os despu\u00e9s del final de la Guerra Fr\u00eda, estalla de nuevo entre Occidente y Rusia. No hay esfuerzos diplom\u00e1ticos serios para ponerle fin, sino que la guerra se alimenta [...]<\/p>\n<p><a class=\"btn btn-secondary understrap-read-more-link\" href=\"https:\/\/self-publishing.com\/es\/producto\/por-que-la-guerra-y-no-la-paz\/\">Leer m\u00e1s...<\/a><\/p>","protected":false},"featured_media":24322,"template":"","meta":{"footnotes":""},"product_brand":[],"product_cat":[1326,89],"product_tag":[580,259],"class_list":{"0":"post-24324","1":"product","2":"type-product","3":"status-publish","4":"has-post-thumbnail","6":"product_cat-alle-buecher","7":"product_cat-politik-geschichte","8":"product_tag-europa","9":"product_tag-politik","11":"first","12":"instock","13":"downloadable","14":"virtual","15":"taxable","16":"purchasable","17":"product-type-simple"},"_links":{"self":[{"href":"https:\/\/self-publishing.com\/es\/wp-json\/wp\/v2\/product\/24324","targetHints":{"allow":["GET"]}}],"collection":[{"href":"https:\/\/self-publishing.com\/es\/wp-json\/wp\/v2\/product"}],"about":[{"href":"https:\/\/self-publishing.com\/es\/wp-json\/wp\/v2\/types\/product"}],"version-history":[{"count":0,"href":"https:\/\/self-publishing.com\/es\/wp-json\/wp\/v2\/product\/24324\/revisions"}],"wp:featuredmedia":[{"embeddable":true,"href":"https:\/\/self-publishing.com\/es\/wp-json\/wp\/v2\/media\/24322"}],"wp:attachment":[{"href":"https:\/\/self-publishing.com\/es\/wp-json\/wp\/v2\/media?parent=24324"}],"wp:term":[{"taxonomy":"product_brand","embeddable":true,"href":"https:\/\/self-publishing.com\/es\/wp-json\/wp\/v2\/product_brand?post=24324"},{"taxonomy":"product_cat","embeddable":true,"href":"https:\/\/self-publishing.com\/es\/wp-json\/wp\/v2\/product_cat?post=24324"},{"taxonomy":"product_tag","embeddable":true,"href":"https:\/\/self-publishing.com\/es\/wp-json\/wp\/v2\/product_tag?post=24324"}],"curies":[{"name":"wp","href":"https:\/\/api.w.org\/{rel}","templated":true}]}}

Por qué la guerra y no la paz

<p>"En medio de tiempos de paz, estalla una guerra en el extremo oriental de Europa que se prolonga durante meses y años. Más de 30 años después del final de la Guerra Fría, vuelve a estallar entre Occidente y Rusia. No hay esfuerzos diplomáticos serios para ponerle fin, sino que la guerra se alimenta con material, dinero e influencia.</p>
<p>Este libro quiere plantear la cuestión de por qué hay una guerra en medio de Europa y si era previsible.</p>
<p>¿Cuál es el equilibrio geopolítico de poder en Europa y cómo ha evolucionado en las últimas décadas?</p>
<p>En una segunda parte, se presentarán las salidas de la crisis y los mecanismos necesarios para un alto el fuego o la paz".</p>

<p>"En medio de tiempos de paz, estalla una guerra en el extremo oriental de Europa que se prolonga durante meses y años. Más de 30 años después del final de la Guerra Fría, estalla de nuevo entre Occidente y Rusia. No hay esfuerzos diplomáticos serios para ponerle fin, sino que la guerra se alimenta [...]</p>
<p><a class="btn btn-secondary understrap-read-more-link" href="https://self-publishing.com/es/producto/por-que-la-guerra-y-no-la-paz/">Leer más...</a></p>
