{"id":24509,"date":"2025-03-19T12:38:09","date_gmt":"2025-03-19T11:38:09","guid":{"rendered":"https:\/\/self-publishing.com\/?post_type=product&#038;p=24509"},"modified":"2025-03-19T12:38:12","modified_gmt":"2025-03-19T11:38:12","slug":"hinter-dem-schweigen-wohnt-die-verzweiflung","status":"publish","type":"product","link":"https:\/\/self-publishing.com\/es\/producto\/la-desesperacion-habita-tras-el-silencio\/","title":{"rendered":"La desesperaci\u00f3n habita tras el silencio"},"content":{"rendered":"<p>Este es el conmovedor relato de una mujer y madre que sufre las terribles experiencias de su infancia. El fat\u00eddico encuentro con un valiente psiquiatra y su singular asesoramiento la llevaron a describir con despiadada franqueza sus recuerdos de las luchas f\u00edsicas y emocionales y los cambios sufridos a lo largo de los a\u00f1os. Los relatos en primera persona impresionan por su sofisticaci\u00f3n ling\u00fc\u00edstica, sus descripciones sensibles y su pensamiento cr\u00edtico. Revelan nuevas y sorprendentes medidas y formas de proporcionar apoyo m\u00e9dico y terapia. Tras una fat\u00eddica lucha por la recuperaci\u00f3n, todo cambia ...<\/p>\n<p>Este informe sociocr\u00edtico sobre los hechos va acompa\u00f1ado de conversaciones intercaladas entre el psiquiatra tratante, el Dr. Andreas Burri, y un colega que ayud\u00f3 a realizar las entrevistas. Los pasajes aportan ideas, conocimientos y explicaciones sobre el curso de esta incre\u00edble historia.<br \/>\nLa novedosa descripci\u00f3n de los acontecimientos actuales abre otro aspecto del pensamiento y la acci\u00f3n sist\u00e9micos. Esta descripci\u00f3n combinada resultar\u00e1 atractiva para m\u00e9dicos y terapeutas de diversas disciplinas, pero tambi\u00e9n para profanos.<\/p>","protected":false},"excerpt":{"rendered":"<p>Este es el conmovedor relato de una mujer y madre que sufre las terribles experiencias de su infancia. El fat\u00eddico encuentro con un valiente psiquiatra y su singular orientaci\u00f3n la llevaron a describir sus recuerdos de las luchas f\u00edsicas y emocionales y los cambios sufridos a lo largo de los a\u00f1os con una franqueza despiadada. Los relatos en primera persona impresionan por su sofisticaci\u00f3n ling\u00fc\u00edstica, sus sensibles descripciones [...]<\/p>\n<p><a class=\"btn btn-secondary understrap-read-more-link\" href=\"https:\/\/self-publishing.com\/es\/producto\/la-desesperacion-habita-tras-el-silencio\/\">Leer m\u00e1s...<\/a><\/p>","protected":false},"featured_media":24507,"template":"","meta":{"footnotes":""},"product_brand":[],"product_cat":[1326,84],"product_tag":[2920],"class_list":{"0":"post-24509","1":"product","2":"type-product","3":"status-publish","4":"has-post-thumbnail","6":"product_cat-alle-buecher","7":"product_cat-biografien-erinnerungen","8":"product_tag-kindheitserlebnisse","10":"first","11":"instock","12":"downloadable","13":"virtual","14":"taxable","15":"purchasable","16":"product-type-simple"},"_links":{"self":[{"href":"https:\/\/self-publishing.com\/es\/wp-json\/wp\/v2\/product\/24509","targetHints":{"allow":["GET"]}}],"collection":[{"href":"https:\/\/self-publishing.com\/es\/wp-json\/wp\/v2\/product"}],"about":[{"href":"https:\/\/self-publishing.com\/es\/wp-json\/wp\/v2\/types\/product"}],"version-history":[{"count":0,"href":"https:\/\/self-publishing.com\/es\/wp-json\/wp\/v2\/product\/24509\/revisions"}],"wp:featuredmedia":[{"embeddable":true,"href":"https:\/\/self-publishing.com\/es\/wp-json\/wp\/v2\/media\/24507"}],"wp:attachment":[{"href":"https:\/\/self-publishing.com\/es\/wp-json\/wp\/v2\/media?parent=24509"}],"wp:term":[{"taxonomy":"product_brand","embeddable":true,"href":"https:\/\/self-publishing.com\/es\/wp-json\/wp\/v2\/product_brand?post=24509"},{"taxonomy":"product_cat","embeddable":true,"href":"https:\/\/self-publishing.com\/es\/wp-json\/wp\/v2\/product_cat?post=24509"},{"taxonomy":"product_tag","embeddable":true,"href":"https:\/\/self-publishing.com\/es\/wp-json\/wp\/v2\/product_tag?post=24509"}],"curies":[{"name":"wp","href":"https:\/\/api.w.org\/{rel}","templated":true}]}}

La desesperación habita tras el silencio

<p>Este es el conmovedor relato de una mujer y madre que sufre las terribles experiencias de su infancia. El fatídico encuentro con un valiente psiquiatra y su singular asesoramiento la llevaron a describir con despiadada franqueza sus recuerdos de las luchas físicas y emocionales y los cambios sufridos a lo largo de los años. Los relatos en primera persona impresionan por su sofisticación lingüística, sus descripciones sensibles y su pensamiento crítico. Revelan nuevas y sorprendentes medidas y formas de proporcionar apoyo médico y terapia. Tras una fatídica lucha por la recuperación, todo cambia ...</p>
<p>Este informe sociocrítico sobre los hechos va acompañado de conversaciones intercaladas entre el psiquiatra tratante, el Dr. Andreas Burri, y un colega que ayudó a realizar las entrevistas. Los pasajes aportan ideas, conocimientos y explicaciones sobre el curso de esta increíble historia.<br />
La novedosa descripción de los acontecimientos actuales abre otro aspecto del pensamiento y la acción sistémicos. Esta descripción combinada resultará atractiva para médicos y terapeutas de diversas disciplinas, pero también para profanos.</p>

<p>Este es el conmovedor relato de una mujer y madre que sufre las terribles experiencias de su infancia. El fatídico encuentro con un valiente psiquiatra y su singular orientación la llevaron a describir sus recuerdos de las luchas físicas y emocionales y los cambios sufridos a lo largo de los años con una franqueza despiadada. Los relatos en primera persona impresionan por su sofisticación lingüística, sus sensibles descripciones [...]</p>
<p><a class="btn btn-secondary understrap-read-more-link" href="https://self-publishing.com/es/producto/la-desesperacion-habita-tras-el-silencio/">Leer más...</a></p>
