{"id":24524,"date":"2025-03-19T12:35:47","date_gmt":"2025-03-19T11:35:47","guid":{"rendered":"https:\/\/self-publishing.com\/?post_type=product&#038;p=24524"},"modified":"2025-03-19T12:35:49","modified_gmt":"2025-03-19T11:35:49","slug":"corona-klima-und-globalisierungskrise","status":"publish","type":"product","link":"https:\/\/self-publishing.com\/es\/producto\/corona-crisis-climatica-y-globalizacion\/","title":{"rendered":"Corona, crisis clim\u00e1tica y globalizaci\u00f3n"},"content":{"rendered":"<p>Explorar nuevos caminos en tiempos de incertidumbre<\/p>\n<p>La pandemia corona est\u00e1 sacudiendo el mundo entero.<\/p>\n<p>Cuestiona nuestra libertad y nuestra identidad y pone al l\u00edmite nuestro sistema sanitario. Expone las injusticias de nuestro sistema econ\u00f3mico, los peligros asociados para la democracia y nuestro tratamiento destructivo de la naturaleza.<\/p>\n<p>Todos los problemas que ahora se ponen de manifiesto est\u00e1n interrelacionados y se refuerzan mutuamente. La acumulaci\u00f3n de problemas no puede resolverse mediante la improvisaci\u00f3n pol\u00edtica.<\/p>\n<p>En lugar de negar los hechos, intentamos entablar un di\u00e1logo con las ciencias.<\/p>\n<p>- para reorientarnos,<\/p>\n<p>- una identidad resistente a las crisis, y<\/p>\n<p>- desarrollar opciones de actuaci\u00f3n significativas y eficaces.<\/p>","protected":false},"excerpt":{"rendered":"<p>Explorar nuevos caminos en tiempos inciertos La pandemia de coronavirus est\u00e1 sacudiendo el mundo entero. Pone en tela de juicio nuestra libertad y nuestra identidad y lleva al l\u00edmite nuestro sistema sanitario. Est\u00e1 sacando a la luz las injusticias de nuestro sistema econ\u00f3mico, los peligros asociados a la democracia y nuestro tratamiento destructivo de la naturaleza. Todos los problemas que ahora se hacen visibles est\u00e1n interrelacionados [...].<\/p>\n<p><a class=\"btn btn-secondary understrap-read-more-link\" href=\"https:\/\/self-publishing.com\/es\/producto\/corona-crisis-climatica-y-globalizacion\/\">Leer m\u00e1s...<\/a><\/p>","protected":false},"featured_media":24522,"template":"","meta":{"footnotes":""},"product_brand":[],"product_cat":[1326,89],"product_tag":[2498,2926],"class_list":{"0":"post-24524","1":"product","2":"type-product","3":"status-publish","4":"has-post-thumbnail","6":"product_cat-alle-buecher","7":"product_cat-politik-geschichte","8":"product_tag-corona-en","9":"product_tag-klima-und-globalisierungskrise","11":"first","12":"instock","13":"downloadable","14":"virtual","15":"taxable","16":"purchasable","17":"product-type-simple"},"_links":{"self":[{"href":"https:\/\/self-publishing.com\/es\/wp-json\/wp\/v2\/product\/24524","targetHints":{"allow":["GET"]}}],"collection":[{"href":"https:\/\/self-publishing.com\/es\/wp-json\/wp\/v2\/product"}],"about":[{"href":"https:\/\/self-publishing.com\/es\/wp-json\/wp\/v2\/types\/product"}],"version-history":[{"count":0,"href":"https:\/\/self-publishing.com\/es\/wp-json\/wp\/v2\/product\/24524\/revisions"}],"wp:featuredmedia":[{"embeddable":true,"href":"https:\/\/self-publishing.com\/es\/wp-json\/wp\/v2\/media\/24522"}],"wp:attachment":[{"href":"https:\/\/self-publishing.com\/es\/wp-json\/wp\/v2\/media?parent=24524"}],"wp:term":[{"taxonomy":"product_brand","embeddable":true,"href":"https:\/\/self-publishing.com\/es\/wp-json\/wp\/v2\/product_brand?post=24524"},{"taxonomy":"product_cat","embeddable":true,"href":"https:\/\/self-publishing.com\/es\/wp-json\/wp\/v2\/product_cat?post=24524"},{"taxonomy":"product_tag","embeddable":true,"href":"https:\/\/self-publishing.com\/es\/wp-json\/wp\/v2\/product_tag?post=24524"}],"curies":[{"name":"wp","href":"https:\/\/api.w.org\/{rel}","templated":true}]}}

Corona, crisis climática y globalización

<p>Explorar nuevos caminos en tiempos de incertidumbre</p>
<p>La pandemia corona está sacudiendo el mundo entero.</p>
<p>Cuestiona nuestra libertad y nuestra identidad y pone al límite nuestro sistema sanitario. Expone las injusticias de nuestro sistema económico, los peligros asociados para la democracia y nuestro tratamiento destructivo de la naturaleza.</p>
<p>Todos los problemas que ahora se ponen de manifiesto están interrelacionados y se refuerzan mutuamente. La acumulación de problemas no puede resolverse mediante la improvisación política.</p>
<p>En lugar de negar los hechos, intentamos entablar un diálogo con las ciencias.</p>
<p>- para reorientarnos,</p>
<p>- una identidad resistente a las crisis, y</p>
<p>- desarrollar opciones de actuación significativas y eficaces.</p>

<p>Explorar nuevos caminos en tiempos inciertos La pandemia de coronavirus está sacudiendo el mundo entero. Pone en tela de juicio nuestra libertad y nuestra identidad y lleva al límite nuestro sistema sanitario. Está sacando a la luz las injusticias de nuestro sistema económico, los peligros asociados a la democracia y nuestro tratamiento destructivo de la naturaleza. Todos los problemas que ahora se hacen visibles están interrelacionados [...].</p>
<p><a class="btn btn-secondary understrap-read-more-link" href="https://self-publishing.com/es/producto/corona-crisis-climatica-y-globalizacion/">Leer más...</a></p>
