{"id":24539,"date":"2025-03-19T12:32:55","date_gmt":"2025-03-19T11:32:55","guid":{"rendered":"https:\/\/self-publishing.com\/?post_type=product&#038;p=24539"},"modified":"2025-03-19T12:32:57","modified_gmt":"2025-03-19T11:32:57","slug":"die-auf-dem-tisch-tanzen","status":"publish","type":"product","link":"https:\/\/self-publishing.com\/es\/producto\/bailando-sobre-la-mesa\/","title":{"rendered":"Bailando sobre la mesa"},"content":{"rendered":"<p>\"Por todos aquellos que han sido y son afligidos por la violencia espiritual, cuyas vidas han sufrido da\u00f1os y destrucci\u00f3n interior como resultado, que no pudieron defenderse de la malicia - ni supieron c\u00f3mo defenderse, y cuya fe en lo bello y sincero en sus semejantes lleg\u00f3 a su fin.\" Imagen de portada: Arc\u00e1ngel Miguel - \"\u00a1Qui\u00e9n como Dios!\" - Rafael, 1518, Louvre Par\u00eds Nota del autor: \"El Arc\u00e1ngel Miguel de Rafael ilustra v\u00edvidamente lo que est\u00e1 sucediendo realmente en el mundo invisible - en la batalla entre el bien y el mal. Ilustraci\u00f3n\/representaci\u00f3n pict\u00f3rica extremadamente aut\u00e9ntica, en la que el Sat\u00e1n postrado, el Diablo (...) tambi\u00e9n est\u00e1 representado con alas - el pr\u00edncipe \u00e1ngel ca\u00eddo Lucifer.<\/p>","protected":false},"excerpt":{"rendered":"<p>\"Por todos aquellos que fueron y son afligidos por la violencia espiritual, cuyas vidas han sufrido da\u00f1os y destrucci\u00f3n interior como resultado, que no pudieron defenderse de la malicia - ni supieron c\u00f3mo defenderse, y cuya fe en lo bello y sincero en sus semejantes lleg\u00f3 a su fin.\" Imagen de portada: Arc\u00e1ngel Miguel - \"\u00a1Qui\u00e9n como Dios!\" - Rafael, [...]<\/p>\n<p><a class=\"btn btn-secondary understrap-read-more-link\" href=\"https:\/\/self-publishing.com\/es\/producto\/bailando-sobre-la-mesa\/\">Leer m\u00e1s...<\/a><\/p>","protected":false},"featured_media":24537,"template":"","meta":{"footnotes":""},"product_brand":[],"product_cat":[1326,2810],"product_tag":[133],"class_list":{"0":"post-24539","1":"product","2":"type-product","3":"status-publish","4":"has-post-thumbnail","6":"product_cat-alle-buecher","7":"product_cat-fachbuecher","8":"product_tag-philosophie","10":"first","11":"instock","12":"downloadable","13":"virtual","14":"taxable","15":"purchasable","16":"product-type-simple"},"_links":{"self":[{"href":"https:\/\/self-publishing.com\/es\/wp-json\/wp\/v2\/product\/24539","targetHints":{"allow":["GET"]}}],"collection":[{"href":"https:\/\/self-publishing.com\/es\/wp-json\/wp\/v2\/product"}],"about":[{"href":"https:\/\/self-publishing.com\/es\/wp-json\/wp\/v2\/types\/product"}],"version-history":[{"count":0,"href":"https:\/\/self-publishing.com\/es\/wp-json\/wp\/v2\/product\/24539\/revisions"}],"wp:featuredmedia":[{"embeddable":true,"href":"https:\/\/self-publishing.com\/es\/wp-json\/wp\/v2\/media\/24537"}],"wp:attachment":[{"href":"https:\/\/self-publishing.com\/es\/wp-json\/wp\/v2\/media?parent=24539"}],"wp:term":[{"taxonomy":"product_brand","embeddable":true,"href":"https:\/\/self-publishing.com\/es\/wp-json\/wp\/v2\/product_brand?post=24539"},{"taxonomy":"product_cat","embeddable":true,"href":"https:\/\/self-publishing.com\/es\/wp-json\/wp\/v2\/product_cat?post=24539"},{"taxonomy":"product_tag","embeddable":true,"href":"https:\/\/self-publishing.com\/es\/wp-json\/wp\/v2\/product_tag?post=24539"}],"curies":[{"name":"wp","href":"https:\/\/api.w.org\/{rel}","templated":true}]}}

<p>"Por todos aquellos que han sido y son afligidos por la violencia espiritual, cuyas vidas han sufrido daños y destrucción interior como resultado, que no pudieron defenderse de la malicia - ni supieron cómo defenderse, y cuya fe en lo bello y sincero en sus semejantes llegó a su fin." Imagen de portada: Arcángel Miguel - "¡Quién como Dios!" - Rafael, 1518, Louvre París Nota del autor: "El Arcángel Miguel de Rafael ilustra vívidamente lo que está sucediendo realmente en el mundo invisible - en la batalla entre el bien y el mal. Ilustración/representación pictórica extremadamente auténtica, en la que el Satán postrado, el Diablo (...) también está representado con alas - el príncipe ángel caído Lucifer.</p>

<p>"Por todos aquellos que fueron y son afligidos por la violencia espiritual, cuyas vidas han sufrido daños y destrucción interior como resultado, que no pudieron defenderse de la malicia - ni supieron cómo defenderse, y cuya fe en lo bello y sincero en sus semejantes llegó a su fin." Imagen de portada: Arcángel Miguel - "¡Quién como Dios!" - Rafael, [...]</p>
<p><a class="btn btn-secondary understrap-read-more-link" href="https://self-publishing.com/es/producto/bailando-sobre-la-mesa/">Leer más...</a></p>
