{"id":24596,"date":"2025-03-20T14:55:23","date_gmt":"2025-03-20T13:55:23","guid":{"rendered":"https:\/\/self-publishing.com\/?post_type=product&#038;p=24596"},"modified":"2025-03-20T14:55:25","modified_gmt":"2025-03-20T13:55:25","slug":"feenzauber-kindermeditation","status":"publish","type":"product","link":"https:\/\/self-publishing.com\/es\/producto\/hada-magica-meditacion-infantil\/","title":{"rendered":"Hadas m\u00e1gicas: meditaci\u00f3n infantil"},"content":{"rendered":"<p>Con este libro usted mismo se abre el espacio a nuevos mundos ...<\/p>\n<p>Sum\u00e9rgete en el mundo m\u00e1gico de Fabella y emb\u00e1rcate en un divertido y colorido viaje con el hada Fabella.<\/p>\n<p>Convi\u00e9rtete en el creador de un nuevo mundo creativo al que t\u00fa mismo puedes dar vida.<\/p>\n<p>Este cuento sirve para leer en voz alta y le acompa\u00f1ar\u00e1 a usted y a sus peque\u00f1os oyentes en el proceso de pintar.<\/p>\n<p>El hada se dirige activamente a su hijo y lo lleva, junto con usted, en su viaje.<\/p>\n<p>Con \"Magia de hadas\", el autor ha creado una peque\u00f1a historia m\u00e1gica que tambi\u00e9n ense\u00f1a a los adultos una lecci\u00f3n general sobre la (auto)satisfacci\u00f3n.<\/p>","protected":false},"excerpt":{"rendered":"<p>Mit diesem Buch \u00f6ffnen Sie selbst den Raum zu neuen Welten &#8230; Tauchen Sie ein in Fabellas Zauberwelt und begeben Sie sich auf eine vergn\u00fcgliche und farbenfrohe Reise mit der Fee Fabella. Werden Sie Sch\u00f6pferIn einer kreativen, neuen Welt, die Sie selber zum Leben erwecken k\u00f6nnen. Diese Geschichte dient als Vorlesegeschichte und wird Sie und [&#8230;]<\/p>\n<p><a class=\"btn btn-secondary understrap-read-more-link\" href=\"https:\/\/self-publishing.com\/es\/producto\/hada-magica-meditacion-infantil\/\">Leer m\u00e1s...<\/a><\/p>","protected":false},"featured_media":24594,"template":"","meta":{"footnotes":""},"product_brand":[],"product_cat":[1326,2810],"product_tag":[2941],"class_list":{"0":"post-24596","1":"product","2":"type-product","3":"status-publish","4":"has-post-thumbnail","6":"product_cat-alle-buecher","7":"product_cat-fachbuecher","8":"product_tag-kindermeditation","10":"first","11":"instock","12":"downloadable","13":"virtual","14":"taxable","15":"purchasable","16":"product-type-simple"},"_links":{"self":[{"href":"https:\/\/self-publishing.com\/es\/wp-json\/wp\/v2\/product\/24596","targetHints":{"allow":["GET"]}}],"collection":[{"href":"https:\/\/self-publishing.com\/es\/wp-json\/wp\/v2\/product"}],"about":[{"href":"https:\/\/self-publishing.com\/es\/wp-json\/wp\/v2\/types\/product"}],"version-history":[{"count":0,"href":"https:\/\/self-publishing.com\/es\/wp-json\/wp\/v2\/product\/24596\/revisions"}],"wp:featuredmedia":[{"embeddable":true,"href":"https:\/\/self-publishing.com\/es\/wp-json\/wp\/v2\/media\/24594"}],"wp:attachment":[{"href":"https:\/\/self-publishing.com\/es\/wp-json\/wp\/v2\/media?parent=24596"}],"wp:term":[{"taxonomy":"product_brand","embeddable":true,"href":"https:\/\/self-publishing.com\/es\/wp-json\/wp\/v2\/product_brand?post=24596"},{"taxonomy":"product_cat","embeddable":true,"href":"https:\/\/self-publishing.com\/es\/wp-json\/wp\/v2\/product_cat?post=24596"},{"taxonomy":"product_tag","embeddable":true,"href":"https:\/\/self-publishing.com\/es\/wp-json\/wp\/v2\/product_tag?post=24596"}],"curies":[{"name":"wp","href":"https:\/\/api.w.org\/{rel}","templated":true}]}}

Hadas mágicas: meditación infantil

<p>Con este libro usted mismo se abre el espacio a nuevos mundos ...</p>
<p>Sumérgete en el mundo mágico de Fabella y embárcate en un divertido y colorido viaje con el hada Fabella.</p>
<p>Conviértete en el creador de un nuevo mundo creativo al que tú mismo puedes dar vida.</p>
<p>Este cuento sirve para leer en voz alta y le acompañará a usted y a sus pequeños oyentes en el proceso de pintar.</p>
<p>El hada se dirige activamente a su hijo y lo lleva, junto con usted, en su viaje.</p>
<p>Con "Magia de hadas", el autor ha creado una pequeña historia mágica que también enseña a los adultos una lección general sobre la (auto)satisfacción.</p>

<p>Mit diesem Buch öffnen Sie selbst den Raum zu neuen Welten &#8230; Tauchen Sie ein in Fabellas Zauberwelt und begeben Sie sich auf eine vergnügliche und farbenfrohe Reise mit der Fee Fabella. Werden Sie SchöpferIn einer kreativen, neuen Welt, die Sie selber zum Leben erwecken können. Diese Geschichte dient als Vorlesegeschichte und wird Sie und [&#8230;]</p>
<p><a class="btn btn-secondary understrap-read-more-link" href="https://self-publishing.com/es/producto/hada-magica-meditacion-infantil/">Leer más...</a></p>
