{"id":25070,"date":"2025-09-10T15:28:17","date_gmt":"2025-09-10T14:28:17","guid":{"rendered":"https:\/\/self-publishing.com\/?post_type=product&#038;p=25070"},"modified":"2025-09-10T15:47:45","modified_gmt":"2025-09-10T14:47:45","slug":"mit-liebe-geduld","status":"publish","type":"product","link":"https:\/\/self-publishing.com\/es\/producto\/con-amor-y-paciencia\/","title":{"rendered":"Con amor y paciencia"},"content":{"rendered":"<p>Dos ni\u00f1os con TDAH: dos torbellinos llenos de energ\u00eda, creatividad y emociones desenfrenadas. \u00bfY yo? Soy la mam\u00e1 que se balancea entre el amor y la desesperaci\u00f3n, la esperanza y el agotamiento.<br \/>\nCada d\u00eda es un acto de equilibrio entre arrebatos de ira y brillantes momentos de felicidad, entre luchas en la escuela e incomprensi\u00f3n social. Pero en todo el caos, hay algo que nunca vacila: mi amor incondicional. Un est\u00edmulo para todos los padres que se encuentran en una vida tan cotidiana.<br \/>\nUna visi\u00f3n honesta y descarnada de una vida llena de retos y milagros.<\/p>","protected":false},"excerpt":{"rendered":"<p>Zwei Kinder mit ADHS \u2013 zwei Wirbelst\u00fcrme voller Energie, Kreativit\u00e4t und unb\u00e4ndiger Gef\u00fchle. Und ich? Ich bin die Mutter, die zwischen Liebe und Verzweiflung, Hoffnung und Ersch\u00f6pfung balanciert. Jeder Tag ist ein Drahtseilakt zwischen w\u00fctenden Ausbr\u00fcchen und strahlenden Gl\u00fccksmomenten, zwischen schulischen K\u00e4mpfen und gesellschaftlichem Unverst\u00e4ndnis. Doch in all dem Chaos gibt es eines, das nie [&#8230;]<\/p>\n<p><a class=\"btn btn-secondary understrap-read-more-link\" href=\"https:\/\/self-publishing.com\/es\/producto\/con-amor-y-paciencia\/\">Leer m\u00e1s...<\/a><\/p>","protected":false},"featured_media":25066,"template":"","meta":{"footnotes":""},"product_brand":[],"product_cat":[1326,84],"product_tag":[3071,3074,3072,3073,1065],"class_list":{"0":"post-25070","1":"product","2":"type-product","3":"status-publish","4":"has-post-thumbnail","6":"product_cat-alle-buecher","7":"product_cat-biografien-erinnerungen","8":"product_tag-adhs","9":"product_tag-erfahrungen-mit-adhs-in-der-familie","10":"product_tag-kinder-mit-adhs","11":"product_tag-leben-mit-adhs","12":"product_tag-wahre-geschichte","14":"first","15":"instock","16":"downloadable","17":"virtual","18":"purchasable","19":"product-type-simple"},"_links":{"self":[{"href":"https:\/\/self-publishing.com\/es\/wp-json\/wp\/v2\/product\/25070","targetHints":{"allow":["GET"]}}],"collection":[{"href":"https:\/\/self-publishing.com\/es\/wp-json\/wp\/v2\/product"}],"about":[{"href":"https:\/\/self-publishing.com\/es\/wp-json\/wp\/v2\/types\/product"}],"version-history":[{"count":1,"href":"https:\/\/self-publishing.com\/es\/wp-json\/wp\/v2\/product\/25070\/revisions"}],"predecessor-version":[{"id":25938,"href":"https:\/\/self-publishing.com\/es\/wp-json\/wp\/v2\/product\/25070\/revisions\/25938"}],"wp:featuredmedia":[{"embeddable":true,"href":"https:\/\/self-publishing.com\/es\/wp-json\/wp\/v2\/media\/25066"}],"wp:attachment":[{"href":"https:\/\/self-publishing.com\/es\/wp-json\/wp\/v2\/media?parent=25070"}],"wp:term":[{"taxonomy":"product_brand","embeddable":true,"href":"https:\/\/self-publishing.com\/es\/wp-json\/wp\/v2\/product_brand?post=25070"},{"taxonomy":"product_cat","embeddable":true,"href":"https:\/\/self-publishing.com\/es\/wp-json\/wp\/v2\/product_cat?post=25070"},{"taxonomy":"product_tag","embeddable":true,"href":"https:\/\/self-publishing.com\/es\/wp-json\/wp\/v2\/product_tag?post=25070"}],"curies":[{"name":"wp","href":"https:\/\/api.w.org\/{rel}","templated":true}]}}

<p>Dos niños con TDAH: dos torbellinos llenos de energía, creatividad y emociones desenfrenadas. ¿Y yo? Soy la mamá que se balancea entre el amor y la desesperación, la esperanza y el agotamiento.<br />
Cada día es un acto de equilibrio entre arrebatos de ira y brillantes momentos de felicidad, entre luchas en la escuela e incomprensión social. Pero en todo el caos, hay algo que nunca vacila: mi amor incondicional. Un estímulo para todos los padres que se encuentran en una vida tan cotidiana.<br />
Una visión honesta y descarnada de una vida llena de retos y milagros.</p>

<p>Zwei Kinder mit ADHS – zwei Wirbelstürme voller Energie, Kreativität und unbändiger Gefühle. Und ich? Ich bin die Mutter, die zwischen Liebe und Verzweiflung, Hoffnung und Erschöpfung balanciert. Jeder Tag ist ein Drahtseilakt zwischen wütenden Ausbrüchen und strahlenden Glücksmomenten, zwischen schulischen Kämpfen und gesellschaftlichem Unverständnis. Doch in all dem Chaos gibt es eines, das nie [&#8230;]</p>
<p><a class="btn btn-secondary understrap-read-more-link" href="https://self-publishing.com/es/producto/con-amor-y-paciencia/">Leer más...</a></p>
