{"id":6491,"date":"2019-02-18T15:25:09","date_gmt":"2019-02-18T14:25:09","guid":{"rendered":"https:\/\/selfpubcom.wpengine.com\/?post_type=product&#038;p=6491"},"modified":"2025-02-25T12:07:21","modified_gmt":"2025-02-25T11:07:21","slug":"vesela-und-die-vervumwelt","status":"publish","type":"product","link":"https:\/\/self-publishing.com\/es\/producto\/vesela-y-el-medio-ambiente\/","title":{"rendered":"Vesela y el medio ambiente"},"content":{"rendered":"<p>Una novela que te adentra en el mundo de los vampiros y los Vervum, que libran una guerra contra dos \u00f3rdenes malignas: la Orden de la Sangre y la Orden de la Sombra. Una ni\u00f1a llamada Vesela decide el destino de su mundo y el de los Vervum, que encarnan una interesante especie. Los Vervum son vampiros, mezcla de humano y vampiro, y se alimentan de luz. \u00bfPrevalecer\u00e1 la luz frente a la oscuridad? Desc\u00fabralo en esta novela en la que intervienen muchas especies.<\/p>","protected":false},"excerpt":{"rendered":"<p>Ein Roman, der einen in die Welt der Vampire und der Vervum entf\u00fchrt, die Krieg gegen zwei b\u00f6se Orden f\u00fchren: den Orden des Blutes und den Orden des Schattens. Ein M\u00e4dchen namens Vesela dezidiert das Fatum ihrer Welt und der Welt der Vervum, welche eine interessante Spezies verk\u00f6rpern. Die Vervum sind Verwampire, eine Mischung aus [&#8230;]<\/p>\n<p><a class=\"btn btn-secondary understrap-read-more-link\" href=\"https:\/\/self-publishing.com\/es\/producto\/vesela-y-el-medio-ambiente\/\">Leer m\u00e1s...<\/a><\/p>","protected":false},"featured_media":6918,"template":"","meta":{"footnotes":""},"product_brand":[],"product_cat":[1326,64],"product_tag":[958,2200,2214,2213,955,2217,956,2210,870,2208,2204,2202,959,960,2198,2206,868,871,2196,2212,866],"class_list":{"0":"post-6491","1":"product","2":"type-product","3":"status-publish","4":"has-post-thumbnail","6":"product_cat-alle-buecher","7":"product_cat-fantasy","8":"product_tag-andersvampir","9":"product_tag-awin-en","10":"product_tag-burdal-en","11":"product_tag-dago-en","12":"product_tag-drachenlord","13":"product_tag-drescu-en","14":"product_tag-echsenlord","15":"product_tag-elin-en","16":"product_tag-ewoch","17":"product_tag-gelem-en","18":"product_tag-inil-en","19":"product_tag-okin-en","20":"product_tag-orden-des-blutes","21":"product_tag-orden-des-schattens","22":"product_tag-radufiu-en","23":"product_tag-ulil-en","24":"product_tag-vervum","25":"product_tag-vervumwelt","26":"product_tag-vesela-en","27":"product_tag-virgul-en","28":"product_tag-wervampir","30":"first","31":"instock","32":"downloadable","33":"virtual","34":"taxable","35":"purchasable","36":"product-type-simple"},"_links":{"self":[{"href":"https:\/\/self-publishing.com\/es\/wp-json\/wp\/v2\/product\/6491","targetHints":{"allow":["GET"]}}],"collection":[{"href":"https:\/\/self-publishing.com\/es\/wp-json\/wp\/v2\/product"}],"about":[{"href":"https:\/\/self-publishing.com\/es\/wp-json\/wp\/v2\/types\/product"}],"version-history":[{"count":0,"href":"https:\/\/self-publishing.com\/es\/wp-json\/wp\/v2\/product\/6491\/revisions"}],"wp:featuredmedia":[{"embeddable":true,"href":"https:\/\/self-publishing.com\/es\/wp-json\/wp\/v2\/media\/6918"}],"wp:attachment":[{"href":"https:\/\/self-publishing.com\/es\/wp-json\/wp\/v2\/media?parent=6491"}],"wp:term":[{"taxonomy":"product_brand","embeddable":true,"href":"https:\/\/self-publishing.com\/es\/wp-json\/wp\/v2\/product_brand?post=6491"},{"taxonomy":"product_cat","embeddable":true,"href":"https:\/\/self-publishing.com\/es\/wp-json\/wp\/v2\/product_cat?post=6491"},{"taxonomy":"product_tag","embeddable":true,"href":"https:\/\/self-publishing.com\/es\/wp-json\/wp\/v2\/product_tag?post=6491"}],"curies":[{"name":"wp","href":"https:\/\/api.w.org\/{rel}","templated":true}]}}

<p>Una novela que te adentra en el mundo de los vampiros y los Vervum, que libran una guerra contra dos órdenes malignas: la Orden de la Sangre y la Orden de la Sombra. Una niña llamada Vesela decide el destino de su mundo y el de los Vervum, que encarnan una interesante especie. Los Vervum son vampiros, mezcla de humano y vampiro, y se alimentan de luz. ¿Prevalecerá la luz frente a la oscuridad? Descúbralo en esta novela en la que intervienen muchas especies.</p>

<p>Ein Roman, der einen in die Welt der Vampire und der Vervum entführt, die Krieg gegen zwei böse Orden führen: den Orden des Blutes und den Orden des Schattens. Ein Mädchen namens Vesela dezidiert das Fatum ihrer Welt und der Welt der Vervum, welche eine interessante Spezies verkörpern. Die Vervum sind Verwampire, eine Mischung aus [&#8230;]</p>
<p><a class="btn btn-secondary understrap-read-more-link" href="https://self-publishing.com/es/producto/vesela-y-el-medio-ambiente/">Leer más...</a></p>
