{"id":6493,"date":"2018-12-19T16:43:26","date_gmt":"2018-12-19T15:43:26","guid":{"rendered":"https:\/\/selfpubcom.wpengine.com\/?post_type=product&#038;p=6493"},"modified":"2025-02-25T11:59:29","modified_gmt":"2025-02-25T10:59:29","slug":"blumengezwitscher","status":"publish","type":"product","link":"https:\/\/self-publishing.com\/es\/producto\/flor-que-gorjea\/","title":{"rendered":"Flores en Twitter"},"content":{"rendered":"<p>Un jard\u00edn es un lugar especial. Mucha gente disfruta pasando su tiempo libre en \u00e9l. La alegr\u00eda de plantar flores, verlas crecer y florecer no tiene explicaci\u00f3n. Como los poemas. Por eso las flores y los poemas quiz\u00e1 vayan bien juntos. En este librito se recopilan poemas sencillos de un jard\u00edn y se acompa\u00f1an de coloridas ilustraciones. La idea de este libro surgi\u00f3 mientras creaba una aut\u00e9ntica zona ajardinada. Ahora cabe preguntarse si el sol se hab\u00eda portado bien con el jard\u00edn y el jardinero. Pero eso lo decidir\u00e1 el lector.<\/p>","protected":false},"excerpt":{"rendered":"<p>Ein Garten ist ein besonderer Ort. Viele Menschen verbringen gerne ihre Freizeit darin. Die Freude, Blumen anzupflanzen, wachsen und bl\u00fchen zu sehen, ist nicht wirklich erkl\u00e4rbar. Wie Gedichte. Darum passen Blumen und Gedichte vielleicht gut zusammen. In diesem B\u00e4ndchen sind schlichte Gedichte aus einem Garten zusammengetragen und mit farbigen Illustrationen versehen. Die Idee zu diesem [&#8230;]<\/p>\n<p><a class=\"btn btn-secondary understrap-read-more-link\" href=\"https:\/\/self-publishing.com\/es\/producto\/flor-que-gorjea\/\">Leer m\u00e1s...<\/a><\/p>","protected":false},"featured_media":6496,"template":"","meta":{"footnotes":""},"product_brand":[],"product_cat":[1326,2816],"product_tag":[961,963,407,295,962,964],"class_list":{"0":"post-6493","1":"product","2":"type-product","3":"status-publish","4":"has-post-thumbnail","6":"product_cat-alle-buecher","7":"product_cat-literatur-fiktion","8":"product_tag-blumen","9":"product_tag-farbige-bilder","10":"product_tag-garten","11":"product_tag-gedichte","12":"product_tag-illustrationen","13":"product_tag-pflanzen","15":"first","16":"instock","17":"downloadable","18":"virtual","19":"taxable","20":"purchasable","21":"product-type-simple"},"_links":{"self":[{"href":"https:\/\/self-publishing.com\/es\/wp-json\/wp\/v2\/product\/6493","targetHints":{"allow":["GET"]}}],"collection":[{"href":"https:\/\/self-publishing.com\/es\/wp-json\/wp\/v2\/product"}],"about":[{"href":"https:\/\/self-publishing.com\/es\/wp-json\/wp\/v2\/types\/product"}],"version-history":[{"count":0,"href":"https:\/\/self-publishing.com\/es\/wp-json\/wp\/v2\/product\/6493\/revisions"}],"wp:featuredmedia":[{"embeddable":true,"href":"https:\/\/self-publishing.com\/es\/wp-json\/wp\/v2\/media\/6496"}],"wp:attachment":[{"href":"https:\/\/self-publishing.com\/es\/wp-json\/wp\/v2\/media?parent=6493"}],"wp:term":[{"taxonomy":"product_brand","embeddable":true,"href":"https:\/\/self-publishing.com\/es\/wp-json\/wp\/v2\/product_brand?post=6493"},{"taxonomy":"product_cat","embeddable":true,"href":"https:\/\/self-publishing.com\/es\/wp-json\/wp\/v2\/product_cat?post=6493"},{"taxonomy":"product_tag","embeddable":true,"href":"https:\/\/self-publishing.com\/es\/wp-json\/wp\/v2\/product_tag?post=6493"}],"curies":[{"name":"wp","href":"https:\/\/api.w.org\/{rel}","templated":true}]}}

<p>Un jardín es un lugar especial. Mucha gente disfruta pasando su tiempo libre en él. La alegría de plantar flores, verlas crecer y florecer no tiene explicación. Como los poemas. Por eso las flores y los poemas quizá vayan bien juntos. En este librito se recopilan poemas sencillos de un jardín y se acompañan de coloridas ilustraciones. La idea de este libro surgió mientras creaba una auténtica zona ajardinada. Ahora cabe preguntarse si el sol se había portado bien con el jardín y el jardinero. Pero eso lo decidirá el lector.</p>

<p>Ein Garten ist ein besonderer Ort. Viele Menschen verbringen gerne ihre Freizeit darin. Die Freude, Blumen anzupflanzen, wachsen und blühen zu sehen, ist nicht wirklich erklärbar. Wie Gedichte. Darum passen Blumen und Gedichte vielleicht gut zusammen. In diesem Bändchen sind schlichte Gedichte aus einem Garten zusammengetragen und mit farbigen Illustrationen versehen. Die Idee zu diesem [&#8230;]</p>
<p><a class="btn btn-secondary understrap-read-more-link" href="https://self-publishing.com/es/producto/flor-que-gorjea/">Leer más...</a></p>
