{"id":6507,"date":"2018-12-19T16:43:00","date_gmt":"2018-12-19T15:43:00","guid":{"rendered":"https:\/\/selfpubcom.wpengine.com\/?post_type=product&#038;p=6507"},"modified":"2025-02-25T11:58:43","modified_gmt":"2025-02-25T10:58:43","slug":"friedenskrawalle","status":"publish","type":"product","link":"https:\/\/self-publishing.com\/es\/producto\/disturbios-por-la-paz\/","title":{"rendered":"disturbios por la paz"},"content":{"rendered":"<p>ruido y silencio comercio y meditaci\u00f3n estar en casa y en la carretera son siempre fen\u00f3menos fascinantes para claudio caselli, que constantemente adquieren nuevas formas e intensidades en sus a\u00f1os de viajes y las m\u00e1s diversas ocupaciones en friedenskrawalle las polaridades se entrelazan de forma extra\u00f1a, a veces en creaciones de lenguaje y palabras desconocidas completamente independientes, en un safari de descubrimiento para la recuperaci\u00f3n y la curaci\u00f3n en un mundo ruidoso y confuso en el que todo seguir\u00e1 girando en torno a la vida y la muerte<\/p>","protected":false},"excerpt":{"rendered":"<p>l\u00e4rm und stille kommerz und meditation zuhause und unterwegs sein f\u00fcr claudio caselli immer wieder faszinierende ph\u00e4nomene, die in seinen jahrelangen reisen und unterschiedlichsten besch\u00e4ftigungen stets neue formen und intensit\u00e4ten annehmen in friedenskrawalle werden polarit\u00e4ten auf skurille weise miteinander verwoben, teils in v\u00f6llig eigenst\u00e4ndiger sprache und unbekannten wortkreationen, auf entdeckungssafari zur genesung und heilung in [&#8230;]<\/p>\n<p><a class=\"btn btn-secondary understrap-read-more-link\" href=\"https:\/\/self-publishing.com\/es\/producto\/disturbios-por-la-paz\/\">Leer m\u00e1s...<\/a><\/p>","protected":false},"featured_media":6509,"template":"","meta":{"footnotes":""},"product_brand":[],"product_cat":[1326,2816],"product_tag":[2180,2177,2179,966],"class_list":{"0":"post-6507","1":"product","2":"type-product","3":"status-publish","4":"has-post-thumbnail","6":"product_cat-alle-buecher","7":"product_cat-literatur-fiktion","8":"product_tag-casel-li-en","9":"product_tag-caselli-en","10":"product_tag-claudio-caselli-en","11":"product_tag-friedenskrawalle","13":"first","14":"instock","15":"downloadable","16":"virtual","17":"taxable","18":"purchasable","19":"product-type-simple"},"_links":{"self":[{"href":"https:\/\/self-publishing.com\/es\/wp-json\/wp\/v2\/product\/6507","targetHints":{"allow":["GET"]}}],"collection":[{"href":"https:\/\/self-publishing.com\/es\/wp-json\/wp\/v2\/product"}],"about":[{"href":"https:\/\/self-publishing.com\/es\/wp-json\/wp\/v2\/types\/product"}],"version-history":[{"count":0,"href":"https:\/\/self-publishing.com\/es\/wp-json\/wp\/v2\/product\/6507\/revisions"}],"wp:featuredmedia":[{"embeddable":true,"href":"https:\/\/self-publishing.com\/es\/wp-json\/wp\/v2\/media\/6509"}],"wp:attachment":[{"href":"https:\/\/self-publishing.com\/es\/wp-json\/wp\/v2\/media?parent=6507"}],"wp:term":[{"taxonomy":"product_brand","embeddable":true,"href":"https:\/\/self-publishing.com\/es\/wp-json\/wp\/v2\/product_brand?post=6507"},{"taxonomy":"product_cat","embeddable":true,"href":"https:\/\/self-publishing.com\/es\/wp-json\/wp\/v2\/product_cat?post=6507"},{"taxonomy":"product_tag","embeddable":true,"href":"https:\/\/self-publishing.com\/es\/wp-json\/wp\/v2\/product_tag?post=6507"}],"curies":[{"name":"wp","href":"https:\/\/api.w.org\/{rel}","templated":true}]}}

<p>ruido y silencio comercio y meditación estar en casa y en la carretera son siempre fenómenos fascinantes para claudio caselli, que constantemente adquieren nuevas formas e intensidades en sus años de viajes y las más diversas ocupaciones en friedenskrawalle las polaridades se entrelazan de forma extraña, a veces en creaciones de lenguaje y palabras desconocidas completamente independientes, en un safari de descubrimiento para la recuperación y la curación en un mundo ruidoso y confuso en el que todo seguirá girando en torno a la vida y la muerte</p>

<p>lärm und stille kommerz und meditation zuhause und unterwegs sein für claudio caselli immer wieder faszinierende phänomene, die in seinen jahrelangen reisen und unterschiedlichsten beschäftigungen stets neue formen und intensitäten annehmen in friedenskrawalle werden polaritäten auf skurille weise miteinander verwoben, teils in völlig eigenständiger sprache und unbekannten wortkreationen, auf entdeckungssafari zur genesung und heilung in [&#8230;]</p>
<p><a class="btn btn-secondary understrap-read-more-link" href="https://self-publishing.com/es/producto/disturbios-por-la-paz/">Leer más...</a></p>
