{"id":6758,"date":"2019-02-01T08:48:40","date_gmt":"2019-02-01T07:48:40","guid":{"rendered":"https:\/\/selfpubcom.wpengine.com\/?post_type=product&#038;p=6758"},"modified":"2025-02-25T12:14:19","modified_gmt":"2025-02-25T11:14:19","slug":"glarnerland","status":"publish","type":"product","link":"https:\/\/self-publishing.com\/es\/producto\/glarus\/","title":{"rendered":"Glarus"},"content":{"rendered":"<p>Este libro lleva al lector en un viaje pict\u00f3rico por el Glarnerland. Desde el sur hasta el norte del cant\u00f3n, numerosas im\u00e1genes en blanco y negro muestran los lugares m\u00e1s bellos y dignos de ver de los Alpes de Glaris. Un libro que despierta el deseo de experimentar por uno mismo los lugares presentados y anima a organizar las propias excursiones por el Glarnerland. Sum\u00e9rjase y d\u00e9jese encantar por las monta\u00f1as de Glaris.<\/p>","protected":false},"excerpt":{"rendered":"<p>Este libro lleva al lector en un viaje pict\u00f3rico por el Glarnerland. Desde el sur hasta el norte del cant\u00f3n, numerosas fotograf\u00edas en blanco y negro muestran los lugares m\u00e1s bellos y dignos de ver de los Alpes de Glaris. Un libro que despierta el deseo de conocer los lugares presentados y anima a organizar sus propias excursiones por el Glarnerland. Sum\u00e9rjase y d\u00e9jese [...]<\/p>\n<p><a class=\"btn btn-secondary understrap-read-more-link\" href=\"https:\/\/self-publishing.com\/es\/producto\/glarus\/\">Leer m\u00e1s...<\/a><\/p>","protected":false},"featured_media":6795,"template":"","meta":{"footnotes":""},"product_brand":[],"product_cat":[1326,80],"product_tag":[1018,1021,1022,1023,1017,1024,1020,476,345,1019],"class_list":{"0":"post-6758","1":"product","2":"type-product","3":"status-publish","4":"has-post-thumbnail","6":"product_cat-alle-buecher","7":"product_cat-reise-abenteuer","8":"product_tag-alpen","9":"product_tag-bildband","10":"product_tag-foto","11":"product_tag-fotoband","12":"product_tag-glarnerland","13":"product_tag-landschaften","14":"product_tag-reisefuehrer","15":"product_tag-reisen","16":"product_tag-schweiz","17":"product_tag-sw-fotografie","19":"first","20":"instock","21":"downloadable","22":"virtual","23":"taxable","24":"purchasable","25":"product-type-simple"},"_links":{"self":[{"href":"https:\/\/self-publishing.com\/es\/wp-json\/wp\/v2\/product\/6758","targetHints":{"allow":["GET"]}}],"collection":[{"href":"https:\/\/self-publishing.com\/es\/wp-json\/wp\/v2\/product"}],"about":[{"href":"https:\/\/self-publishing.com\/es\/wp-json\/wp\/v2\/types\/product"}],"version-history":[{"count":0,"href":"https:\/\/self-publishing.com\/es\/wp-json\/wp\/v2\/product\/6758\/revisions"}],"wp:featuredmedia":[{"embeddable":true,"href":"https:\/\/self-publishing.com\/es\/wp-json\/wp\/v2\/media\/6795"}],"wp:attachment":[{"href":"https:\/\/self-publishing.com\/es\/wp-json\/wp\/v2\/media?parent=6758"}],"wp:term":[{"taxonomy":"product_brand","embeddable":true,"href":"https:\/\/self-publishing.com\/es\/wp-json\/wp\/v2\/product_brand?post=6758"},{"taxonomy":"product_cat","embeddable":true,"href":"https:\/\/self-publishing.com\/es\/wp-json\/wp\/v2\/product_cat?post=6758"},{"taxonomy":"product_tag","embeddable":true,"href":"https:\/\/self-publishing.com\/es\/wp-json\/wp\/v2\/product_tag?post=6758"}],"curies":[{"name":"wp","href":"https:\/\/api.w.org\/{rel}","templated":true}]}}

<p>Este libro lleva al lector en un viaje pictórico por el Glarnerland. Desde el sur hasta el norte del cantón, numerosas imágenes en blanco y negro muestran los lugares más bellos y dignos de ver de los Alpes de Glaris. Un libro que despierta el deseo de experimentar por uno mismo los lugares presentados y anima a organizar las propias excursiones por el Glarnerland. Sumérjase y déjese encantar por las montañas de Glaris.</p>

<p>Este libro lleva al lector en un viaje pictórico por el Glarnerland. Desde el sur hasta el norte del cantón, numerosas fotografías en blanco y negro muestran los lugares más bellos y dignos de ver de los Alpes de Glaris. Un libro que despierta el deseo de conocer los lugares presentados y anima a organizar sus propias excursiones por el Glarnerland. Sumérjase y déjese [...]</p>
<p><a class="btn btn-secondary understrap-read-more-link" href="https://self-publishing.com/es/producto/glarus/">Leer más...</a></p>
