{"id":7985,"date":"2019-07-12T09:18:14","date_gmt":"2019-07-12T08:18:14","guid":{"rendered":"https:\/\/selfpubcom.wpengine.com\/?post_type=product&#038;p=7985"},"modified":"2025-02-25T09:57:31","modified_gmt":"2025-02-25T08:57:31","slug":"demokratie-ein-handbuch","status":"publish","type":"product","link":"https:\/\/self-publishing.com\/es\/producto\/democracia-un-manual\/","title":{"rendered":"Democracia - Manual"},"content":{"rendered":"<p>Un libro no es suficiente. Otros ya han escrito mucho, pero no parece servir de nada. Todas las cat\u00e1strofes provocadas por el hombre contin\u00faan sin freno. La democracia y la protecci\u00f3n del medio ambiente deber\u00edan ir de la mano. Adem\u00e1s de la dignidad humana, que dif\u00edcilmente puede garantizarse sin un medio ambiente limpio e intacto, todos los dem\u00e1s individuos tambi\u00e9n tienen derecho a su dignidad. \u00bfd\u00f3nde quedan todos los conocimientos que se han transmitido y ampliado y de qu\u00e9 sirven a las personas cuyo derecho al voto no es m\u00e1s que una farsa? \u00bfCu\u00e1ntas generaciones tienen todav\u00eda influencia para presentar la democracia como \"recomendable\" a las generaciones futuras? Para cambiar el rumbo de la forma m\u00e1s humana posible, tenemos que empezar pronto.<\/p>","protected":false},"excerpt":{"rendered":"<p>Mit einem Buch ist es nicht getan. Auch Andere haben schon viel geschrieben, scheinbar n\u00fctzten will es auch nichts. Alle vom Menschen gemachten Katastrophen gehen weiter ungehindert ihren Gang. Dabei m\u00fcssten Demokratie und Umweltschutz ineinanderfliessen. Neben der W\u00fcrde des Menschen, die ohne eine saubere und intakte Umwelt kaum gew\u00e4hrleistet sein kann, haben auch alle anderen [&#8230;]<\/p>\n<p><a class=\"btn btn-secondary understrap-read-more-link\" href=\"https:\/\/self-publishing.com\/es\/producto\/democracia-un-manual\/\">Leer m\u00e1s...<\/a><\/p>","protected":false},"featured_media":7983,"template":"","meta":{"footnotes":""},"product_brand":[],"product_cat":[1326,89],"product_tag":[1116,1117],"class_list":{"0":"post-7985","1":"product","2":"type-product","3":"status-publish","4":"has-post-thumbnail","6":"product_cat-alle-buecher","7":"product_cat-politik-geschichte","8":"product_tag-demokratie","9":"product_tag-leben-und-leben-lassen","11":"first","12":"instock","13":"downloadable","14":"virtual","15":"taxable","16":"purchasable","17":"product-type-simple"},"_links":{"self":[{"href":"https:\/\/self-publishing.com\/es\/wp-json\/wp\/v2\/product\/7985","targetHints":{"allow":["GET"]}}],"collection":[{"href":"https:\/\/self-publishing.com\/es\/wp-json\/wp\/v2\/product"}],"about":[{"href":"https:\/\/self-publishing.com\/es\/wp-json\/wp\/v2\/types\/product"}],"version-history":[{"count":0,"href":"https:\/\/self-publishing.com\/es\/wp-json\/wp\/v2\/product\/7985\/revisions"}],"wp:featuredmedia":[{"embeddable":true,"href":"https:\/\/self-publishing.com\/es\/wp-json\/wp\/v2\/media\/7983"}],"wp:attachment":[{"href":"https:\/\/self-publishing.com\/es\/wp-json\/wp\/v2\/media?parent=7985"}],"wp:term":[{"taxonomy":"product_brand","embeddable":true,"href":"https:\/\/self-publishing.com\/es\/wp-json\/wp\/v2\/product_brand?post=7985"},{"taxonomy":"product_cat","embeddable":true,"href":"https:\/\/self-publishing.com\/es\/wp-json\/wp\/v2\/product_cat?post=7985"},{"taxonomy":"product_tag","embeddable":true,"href":"https:\/\/self-publishing.com\/es\/wp-json\/wp\/v2\/product_tag?post=7985"}],"curies":[{"name":"wp","href":"https:\/\/api.w.org\/{rel}","templated":true}]}}

<p>Un libro no es suficiente. Otros ya han escrito mucho, pero no parece servir de nada. Todas las catástrofes provocadas por el hombre continúan sin freno. La democracia y la protección del medio ambiente deberían ir de la mano. Además de la dignidad humana, que difícilmente puede garantizarse sin un medio ambiente limpio e intacto, todos los demás individuos también tienen derecho a su dignidad. ¿dónde quedan todos los conocimientos que se han transmitido y ampliado y de qué sirven a las personas cuyo derecho al voto no es más que una farsa? ¿Cuántas generaciones tienen todavía influencia para presentar la democracia como "recomendable" a las generaciones futuras? Para cambiar el rumbo de la forma más humana posible, tenemos que empezar pronto.</p>

<p>Mit einem Buch ist es nicht getan. Auch Andere haben schon viel geschrieben, scheinbar nützten will es auch nichts. Alle vom Menschen gemachten Katastrophen gehen weiter ungehindert ihren Gang. Dabei müssten Demokratie und Umweltschutz ineinanderfliessen. Neben der Würde des Menschen, die ohne eine saubere und intakte Umwelt kaum gewährleistet sein kann, haben auch alle anderen [&#8230;]</p>
<p><a class="btn btn-secondary understrap-read-more-link" href="https://self-publishing.com/es/producto/democracia-un-manual/">Leer más...</a></p>
