{"id":8241,"date":"2019-09-19T08:28:49","date_gmt":"2019-09-19T07:28:49","guid":{"rendered":"https:\/\/selfpubcom.wpengine.com\/?post_type=product&#038;p=8241"},"modified":"2025-02-25T09:55:52","modified_gmt":"2025-02-25T08:55:52","slug":"die-fundamente-wackeln","status":"publish","type":"product","link":"https:\/\/self-publishing.com\/es\/producto\/tiemblan-los-cimientos\/","title":{"rendered":"Tiemblan los cimientos"},"content":{"rendered":"<p>La pobreza en la vejez se cierne sobre Alemania. La pol\u00edtica de refugiados, el esc\u00e1ndalo del di\u00e9sel, el cambio clim\u00e1tico y el despilfarro fiscal han destruido la confianza. Los partidos establecidos pierden votos. Los casos de abusos sexuales y los esc\u00e1ndalos financieros hacen que la gente abandone la Iglesia. Los autores de abusos clericales a menudo quedan impunes y se benefician del concordato. Gracias al periodismo libre nos enteramos de la mala conducta y las maquinaciones de los poderosos.<\/p>","protected":false},"excerpt":{"rendered":"<p>In Deutschland droht die Altersarmut. Die Fl\u00fcchtlingspolitik, der Dieselskandal, der Klimawandel und die Steuerverschwendungen haben Vertrauen zerst\u00f6rt. Die etablierten Parteien erleiden Stimmenverluste. Die sexuellen Missbrauchsf\u00e4lle und Finanzskandale f\u00fchren zu Kirchenaustritten. Die kirchlichen Missbrauchstreibenden bleiben h\u00e4ufig straffrei und profitieren vom Konkordat. Dem freien Journalismus ist es zu verdanken, dass wir etwas \u00fcber das Fehlverhalten und die [&#8230;]<\/p>\n<p><a class=\"btn btn-secondary understrap-read-more-link\" href=\"https:\/\/self-publishing.com\/es\/producto\/tiemblan-los-cimientos\/\">Leer m\u00e1s...<\/a><\/p>","protected":false},"featured_media":8239,"template":"","meta":{"footnotes":""},"product_brand":[],"product_cat":[1326,89],"product_tag":[462,1036,259,1170],"class_list":{"0":"post-8241","1":"product","2":"type-product","3":"status-publish","4":"has-post-thumbnail","6":"product_cat-alle-buecher","7":"product_cat-politik-geschichte","8":"product_tag-kirche","9":"product_tag-konkordat","10":"product_tag-politik","11":"product_tag-steuergelder","13":"first","14":"instock","15":"downloadable","16":"virtual","17":"taxable","18":"purchasable","19":"product-type-simple"},"_links":{"self":[{"href":"https:\/\/self-publishing.com\/es\/wp-json\/wp\/v2\/product\/8241","targetHints":{"allow":["GET"]}}],"collection":[{"href":"https:\/\/self-publishing.com\/es\/wp-json\/wp\/v2\/product"}],"about":[{"href":"https:\/\/self-publishing.com\/es\/wp-json\/wp\/v2\/types\/product"}],"version-history":[{"count":0,"href":"https:\/\/self-publishing.com\/es\/wp-json\/wp\/v2\/product\/8241\/revisions"}],"wp:featuredmedia":[{"embeddable":true,"href":"https:\/\/self-publishing.com\/es\/wp-json\/wp\/v2\/media\/8239"}],"wp:attachment":[{"href":"https:\/\/self-publishing.com\/es\/wp-json\/wp\/v2\/media?parent=8241"}],"wp:term":[{"taxonomy":"product_brand","embeddable":true,"href":"https:\/\/self-publishing.com\/es\/wp-json\/wp\/v2\/product_brand?post=8241"},{"taxonomy":"product_cat","embeddable":true,"href":"https:\/\/self-publishing.com\/es\/wp-json\/wp\/v2\/product_cat?post=8241"},{"taxonomy":"product_tag","embeddable":true,"href":"https:\/\/self-publishing.com\/es\/wp-json\/wp\/v2\/product_tag?post=8241"}],"curies":[{"name":"wp","href":"https:\/\/api.w.org\/{rel}","templated":true}]}}

<p>La pobreza en la vejez se cierne sobre Alemania. La política de refugiados, el escándalo del diésel, el cambio climático y el despilfarro fiscal han destruido la confianza. Los partidos establecidos pierden votos. Los casos de abusos sexuales y los escándalos financieros hacen que la gente abandone la Iglesia. Los autores de abusos clericales a menudo quedan impunes y se benefician del concordato. Gracias al periodismo libre nos enteramos de la mala conducta y las maquinaciones de los poderosos.</p>

<p>In Deutschland droht die Altersarmut. Die Flüchtlingspolitik, der Dieselskandal, der Klimawandel und die Steuerverschwendungen haben Vertrauen zerstört. Die etablierten Parteien erleiden Stimmenverluste. Die sexuellen Missbrauchsfälle und Finanzskandale führen zu Kirchenaustritten. Die kirchlichen Missbrauchstreibenden bleiben häufig straffrei und profitieren vom Konkordat. Dem freien Journalismus ist es zu verdanken, dass wir etwas über das Fehlverhalten und die [&#8230;]</p>
<p><a class="btn btn-secondary understrap-read-more-link" href="https://self-publishing.com/es/producto/tiemblan-los-cimientos/">Leer más...</a></p>
