{"id":8617,"date":"2019-12-05T16:06:09","date_gmt":"2019-12-05T15:06:09","guid":{"rendered":"https:\/\/selfpubcom.wpengine.com\/?post_type=product&#038;p=8617"},"modified":"2025-02-25T09:46:34","modified_gmt":"2025-02-25T08:46:34","slug":"tierischer-ernst","status":"publish","type":"product","link":"https:\/\/self-publishing.com\/es\/producto\/seriedad-animal\/","title":{"rendered":"Seriedad animal"},"content":{"rendered":"<p>\u00bfC\u00f3mo hacer entrar en raz\u00f3n a estos idiotas que se autodenominan Homo Sapiens Sapiens sin autoiron\u00eda? Unos cuantos lobos que se han extraviado tr\u00e1gicamente en el Tesino aprenden del mundo gracias a las aves migratorias y extraen esperanza. Como suele ocurrir, esta esperanza procede de la f\u00e9rtil (o actualmente m\u00e1s bien terrible) media luna entre L\u00edbano e Ir\u00e1n. All\u00ed, en la encrucijada de todas las rutas de la seda, la gente siempre parece capaz de lo peor y de lo mejor.<\/p>","protected":false},"excerpt":{"rendered":"<p>\u00bfC\u00f3mo hacer entrar en raz\u00f3n a estos idiotas que se autodenominan Homo Sapiens Sapiens sin autoiron\u00eda? Unos cuantos lobos que se han extraviado tr\u00e1gicamente en el Tesino aprenden del mundo gracias a las aves migratorias y extraen esperanza. Como suele ocurrir, esta esperanza procede de la f\u00e9rtil (o actualmente m\u00e1s bien terrible) media luna entre L\u00edbano e Ir\u00e1n. All\u00ed, en la encrucijada [...]<\/p>\n<p><a class=\"btn btn-secondary understrap-read-more-link\" href=\"https:\/\/self-publishing.com\/es\/producto\/seriedad-animal\/\">Leer m\u00e1s...<\/a><\/p>","protected":false},"featured_media":8719,"template":"","meta":{"footnotes":""},"product_brand":[],"product_cat":[1326,2816],"product_tag":[1210,1213,1205,1208,1209,1207,1212,1206,1211,1214,1204],"class_list":{"0":"post-8617","1":"product","2":"type-product","3":"status-publish","4":"has-post-thumbnail","6":"product_cat-alle-buecher","7":"product_cat-literatur-fiktion","8":"product_tag-die-buerden-der-kurden","9":"product_tag-die-junge-molla-streitet-mit-ayatollah-ali-khamenei","10":"product_tag-erzaehlende-zugvoegel","11":"product_tag-freiwilligenarbeit-als-revolte","12":"product_tag-isis-als-panacea-fuer-neurotiker","13":"product_tag-libanesische-zedernwaelder","14":"product_tag-oekumene-der-zivilisationen","15":"product_tag-quashkai-nomadin-wird-molla","16":"product_tag-religion-vs-atheismus","17":"product_tag-schoenheit-als-medizin","18":"product_tag-woelfe","20":"first","21":"instock","22":"downloadable","23":"virtual","24":"taxable","25":"purchasable","26":"product-type-simple"},"_links":{"self":[{"href":"https:\/\/self-publishing.com\/es\/wp-json\/wp\/v2\/product\/8617","targetHints":{"allow":["GET"]}}],"collection":[{"href":"https:\/\/self-publishing.com\/es\/wp-json\/wp\/v2\/product"}],"about":[{"href":"https:\/\/self-publishing.com\/es\/wp-json\/wp\/v2\/types\/product"}],"version-history":[{"count":0,"href":"https:\/\/self-publishing.com\/es\/wp-json\/wp\/v2\/product\/8617\/revisions"}],"wp:featuredmedia":[{"embeddable":true,"href":"https:\/\/self-publishing.com\/es\/wp-json\/wp\/v2\/media\/8719"}],"wp:attachment":[{"href":"https:\/\/self-publishing.com\/es\/wp-json\/wp\/v2\/media?parent=8617"}],"wp:term":[{"taxonomy":"product_brand","embeddable":true,"href":"https:\/\/self-publishing.com\/es\/wp-json\/wp\/v2\/product_brand?post=8617"},{"taxonomy":"product_cat","embeddable":true,"href":"https:\/\/self-publishing.com\/es\/wp-json\/wp\/v2\/product_cat?post=8617"},{"taxonomy":"product_tag","embeddable":true,"href":"https:\/\/self-publishing.com\/es\/wp-json\/wp\/v2\/product_tag?post=8617"}],"curies":[{"name":"wp","href":"https:\/\/api.w.org\/{rel}","templated":true}]}}

<p>¿Cómo hacer entrar en razón a estos idiotas que se autodenominan Homo Sapiens Sapiens sin autoironía? Unos cuantos lobos que se han extraviado trágicamente en el Tesino aprenden del mundo gracias a las aves migratorias y extraen esperanza. Como suele ocurrir, esta esperanza procede de la fértil (o actualmente más bien terrible) media luna entre Líbano e Irán. Allí, en la encrucijada de todas las rutas de la seda, la gente siempre parece capaz de lo peor y de lo mejor.</p>

<p>¿Cómo hacer entrar en razón a estos idiotas que se autodenominan Homo Sapiens Sapiens sin autoironía? Unos cuantos lobos que se han extraviado trágicamente en el Tesino aprenden del mundo gracias a las aves migratorias y extraen esperanza. Como suele ocurrir, esta esperanza procede de la fértil (o actualmente más bien terrible) media luna entre Líbano e Irán. Allí, en la encrucijada [...]</p>
<p><a class="btn btn-secondary understrap-read-more-link" href="https://self-publishing.com/es/producto/seriedad-animal/">Leer más...</a></p>
